CRAN Package Check Results for Package modelbased

Last updated on 2020-03-29 15:50:56 CEST.

Flavor Version Tinstall Tcheck Ttotal Status Flags
r-devel-linux-x86_64-debian-clang 0.1.2 OK
r-devel-linux-x86_64-debian-gcc 0.1.2 3.68 156.22 159.90 OK
r-devel-linux-x86_64-fedora-clang 0.1.2 241.45 OK
r-devel-linux-x86_64-fedora-gcc 0.1.2 301.98 OK
r-devel-windows-ix86+x86_64 0.1.2 16.00 363.00 379.00 OK
r-devel-windows-ix86+x86_64-gcc8 0.1.2 17.00 248.00 265.00 OK
r-patched-linux-x86_64 0.1.2 4.99 84.71 89.70 ERROR
r-patched-solaris-x86 0.1.2 358.10 OK
r-release-linux-x86_64 0.1.2 4.08 224.76 228.84 OK
r-release-windows-ix86+x86_64 0.1.2 19.00 189.00 208.00 OK
r-release-osx-x86_64 0.1.2 OK
r-oldrel-windows-ix86+x86_64 0.1.2 15.00 394.00 409.00 OK
r-oldrel-osx-x86_64 0.1.2 OK

Check Details

Version: 0.1.2
Check: package dependencies
Result: NOTE
    Package suggested but not available for checking: ‘rstanarm’
Flavor: r-patched-linux-x86_64

Version: 0.1.2
Check: tests
Result: ERROR
     Running ‘testthat.R’ [5s/7s]
    Running the tests in ‘tests/testthat.R’ failed.
    Complete output:
     > library(testthat)
     > library(modelbased)
     >
     > test_check("modelbased")
     ── 1. Error: estimate_slopes (@test-estimate_slopes.R#3) ──────────────────────
     there is no package called 'rstanarm'
     Backtrace:
     1. base::library(rstanarm)
    
     ══ testthat results ═══════════════════════════════════════════════════════════
     [ OK: 32 | SKIPPED: 0 | WARNINGS: 4 | FAILED: 1 ]
     1. Error: estimate_slopes (@test-estimate_slopes.R#3)
    
     Error: testthat unit tests failed
     Execution halted
Flavor: r-patched-linux-x86_64