CRAN Package Check Results for Package moments

Last updated on 2020-02-22 07:50:08 CET.

Flavor Version Tinstall Tcheck Ttotal Status Flags
r-devel-linux-x86_64-debian-clang 0.14 2.49 20.34 22.83 NOTE
r-devel-linux-x86_64-debian-gcc 0.14 1.92 16.08 18.00 NOTE
r-devel-linux-x86_64-fedora-clang 0.14 31.11 NOTE
r-devel-linux-x86_64-fedora-gcc 0.14 27.24 NOTE
r-devel-windows-ix86+x86_64 0.14 6.00 28.00 34.00 NOTE
r-devel-windows-ix86+x86_64-gcc8 0.14 9.00 41.00 50.00 NOTE
r-patched-linux-x86_64 0.14 NOTE
r-patched-solaris-x86 0.14 43.70 NOTE
r-release-linux-x86_64 0.14 2.07 18.89 20.96 NOTE
r-release-windows-ix86+x86_64 0.14 5.00 39.00 44.00 NOTE
r-release-osx-x86_64 0.14 NOTE
r-oldrel-windows-ix86+x86_64 0.14 3.00 26.00 29.00 NOTE
r-oldrel-osx-x86_64 0.14 NOTE

Check Details

Version: 0.14
Check: R code for possible problems
Result: NOTE
    agostino.test: no visible global function definition for
     'complete.cases'
    agostino.test: no visible global function definition for 'pnorm'
    anscombe.test: no visible global function definition for
     'complete.cases'
    anscombe.test: no visible global function definition for 'pnorm'
    bonett.test: no visible global function definition for 'complete.cases'
    bonett.test: no visible global function definition for 'pnorm'
    jarque.test: no visible global function definition for 'pchisq'
    Undefined global functions or variables:
     complete.cases pchisq pnorm
    Consider adding
     importFrom("stats", "complete.cases", "pchisq", "pnorm")
    to your NAMESPACE file.
Flavors: r-devel-linux-x86_64-debian-clang, r-devel-linux-x86_64-debian-gcc, r-devel-linux-x86_64-fedora-clang, r-devel-linux-x86_64-fedora-gcc, r-devel-windows-ix86+x86_64, r-devel-windows-ix86+x86_64-gcc8, r-patched-linux-x86_64, r-patched-solaris-x86, r-release-linux-x86_64, r-release-windows-ix86+x86_64, r-release-osx-x86_64, r-oldrel-windows-ix86+x86_64, r-oldrel-osx-x86_64