CRAN Package Check Results for Package odbc

Last updated on 2020-04-05 23:47:35 CEST.

Flavor Version Tinstall Tcheck Ttotal Status Flags
r-devel-linux-x86_64-debian-clang 1.2.2 88.14 53.44 141.58 OK
r-devel-linux-x86_64-debian-gcc 1.2.2 0.40 2.06 2.46 ERROR
r-devel-linux-x86_64-fedora-clang 1.2.2 179.51 NOTE
r-devel-linux-x86_64-fedora-gcc 1.2.2 172.11 OK
r-devel-windows-ix86+x86_64 1.2.2 138.00 87.00 225.00 OK
r-devel-windows-ix86+x86_64-gcc8 1.2.2 170.00 91.00 261.00 OK
r-patched-linux-x86_64 1.2.2 66.70 52.43 119.13 OK
r-patched-solaris-x86 1.2.2 167.10 OK
r-release-linux-x86_64 1.2.2 64.77 47.55 112.32 OK
r-release-windows-ix86+x86_64 1.2.2 166.00 119.00 285.00 OK
r-release-osx-x86_64 1.2.2 NOTE
r-oldrel-windows-ix86+x86_64 1.2.2 219.00 84.00 303.00 OK
r-oldrel-osx-x86_64 1.2.2 NOTE

Check Details

Version: 1.2.2
Check: whether package can be installed
Result: ERROR
    Installation failed.
Flavor: r-devel-linux-x86_64-debian-gcc

Version: 1.2.2
Check: installed package size
Result: NOTE
     installed size is 7.5Mb
     sub-directories of 1Mb or more:
     libs 7.0Mb
Flavors: r-devel-linux-x86_64-fedora-clang, r-release-osx-x86_64, r-oldrel-osx-x86_64