CRAN Package Check Results for Package osmdata

Last updated on 2019-12-15 19:48:45 CET.

Flavor Version Tinstall Tcheck Ttotal Status Flags
r-devel-linux-x86_64-debian-clang 0.1.1 81.99 70.66 152.65 ERROR
r-devel-linux-x86_64-debian-gcc 0.1.1 60.72 54.72 115.44 ERROR
r-devel-linux-x86_64-fedora-clang 0.1.2 216.93 NOTE
r-devel-linux-x86_64-fedora-gcc 0.1.2 214.68 OK
r-devel-windows-ix86+x86_64 0.1.2 188.00 176.00 364.00 NOTE
r-devel-windows-ix86+x86_64-gcc8 0.1.1 153.00 319.00 472.00 ERROR
r-patched-linux-x86_64 0.1.1 63.25 64.11 127.36 OK
r-patched-solaris-x86 0.1.2 202.40 NOTE
r-release-linux-x86_64 0.1.1 69.01 64.13 133.14 OK
r-release-windows-ix86+x86_64 0.1.1 130.00 136.00 266.00 NOTE
r-release-osx-x86_64 0.1.1 NOTE
r-oldrel-windows-ix86+x86_64 0.1.1 141.00 125.00 266.00 NOTE
r-oldrel-osx-x86_64 0.1.1 NOTE

Check Details

Version: 0.1.1
Check: tests
Result: ERROR
     Running 'stub.R' [0s/0s]
     Running 'testthat.R' [8s/17s]
    Running the tests in 'tests/testthat.R' failed.
    Complete output:
     > library(testthat)
     > library(osmdata)
     Data (c) OpenStreetMap contributors, ODbL 1.0. http://www.openstreetmap.org/copyright
     >
     > test_check("osmdata")
     -- 1. Failure: getbb-polygon (@test-getbb.R#80) -------------------------------
     all(lapply(res, class) == "matrix") isn't true.
    
     == testthat results ===========================================================
     [ OK: 166 | SKIPPED: 0 | WARNINGS: 0 | FAILED: 1 ]
     1. Failure: getbb-polygon (@test-getbb.R#80)
    
     Error: testthat unit tests failed
     Execution halted
Flavor: r-devel-linux-x86_64-debian-clang

Version: 0.1.1
Check: tests
Result: ERROR
     Running ‘stub.R’ [0s/1s]
     Running ‘testthat.R’ [7s/96s]
    Running the tests in ‘tests/testthat.R’ failed.
    Complete output:
     > library(testthat)
     > library(osmdata)
     Data (c) OpenStreetMap contributors, ODbL 1.0. http://www.openstreetmap.org/copyright
     >
     > test_check("osmdata")
     ── 1. Failure: getbb-polygon (@test-getbb.R#80) ───────────────────────────────
     all(lapply(res, class) == "matrix") isn't true.
    
     ══ testthat results ═══════════════════════════════════════════════════════════
     [ OK: 166 | SKIPPED: 0 | WARNINGS: 0 | FAILED: 1 ]
     1. Failure: getbb-polygon (@test-getbb.R#80)
    
     Error: testthat unit tests failed
     Execution halted
Flavor: r-devel-linux-x86_64-debian-gcc

Version: 0.1.2
Check: installed package size
Result: NOTE
     installed size is 11.5Mb
     sub-directories of 1Mb or more:
     doc 3.6Mb
     libs 6.9Mb
Flavors: r-devel-linux-x86_64-fedora-clang, r-devel-windows-ix86+x86_64, r-patched-solaris-x86

Version: 0.1.1
Check: installed package size
Result: NOTE
     installed size is 6.6Mb
     sub-directories of 1Mb or more:
     doc 3.6Mb
     libs 2.6Mb
Flavors: r-devel-windows-ix86+x86_64-gcc8, r-release-windows-ix86+x86_64, r-release-osx-x86_64, r-oldrel-windows-ix86+x86_64, r-oldrel-osx-x86_64

Version: 0.1.1
Check: running tests for arch ‘x64’
Result: ERROR
     Running 'stub.R' [0s]
     Running 'testthat.R' [106s]
    Running the tests in 'tests/testthat.R' failed.
    Complete output:
     > library(testthat)
     > library(osmdata)
     Data (c) OpenStreetMap contributors, ODbL 1.0. http://www.openstreetmap.org/copyright
     >
     > test_check("osmdata")
     -- 1. Error: query-no-quiet (@test-osmdata.R#146) -----------------------------
     General overpass server error; returned:
     OSM3S ResponseThe data included in this document is from www.openstreetmap.org. The data is made available under ODbL.runtime error: open64: 0 Success /osm3s_v0.7.56_osm_base Dispatcher_Client::request_read_and_idx::rate_limited. Please check /api/status for the quota of your IP address.
     Backtrace:
     1. testthat::expect_message(...)
     6. osmdata::osmdata_sp(qry, quiet = FALSE)
     7. osmdata:::fill_overpass_data(obj, doc, quiet = quiet)
     8. osmdata:::overpass_query(...)
     9. osmdata:::check_for_error(doc)
    
     == testthat results ===========================================================
     [ OK: 164 | SKIPPED: 0 | WARNINGS: 0 | FAILED: 1 ]
     1. Error: query-no-quiet (@test-osmdata.R#146)
    
     Error: testthat unit tests failed
     Execution halted
Flavor: r-devel-windows-ix86+x86_64-gcc8