CRAN Package Check Results for Package pergola

Last updated on 2019-12-10 23:47:30 CET.

Flavor Version Tinstall Tcheck Ttotal Status Flags
r-devel-linux-x86_64-debian-clang 1.0 3.08 60.91 63.99 NOTE
r-devel-linux-x86_64-debian-gcc 1.0 2.66 48.74 51.40 NOTE
r-devel-linux-x86_64-fedora-clang 1.0 80.52 NOTE
r-devel-linux-x86_64-fedora-gcc 1.0 78.85 NOTE
r-devel-windows-ix86+x86_64 1.0 9.00 92.00 101.00 NOTE
r-devel-windows-ix86+x86_64-gcc8 1.0 10.00 99.00 109.00 NOTE
r-patched-linux-x86_64 1.0 2.52 59.47 61.99 NOTE
r-patched-solaris-x86 1.0 99.70 NOTE
r-release-linux-x86_64 1.0 2.63 60.42 63.05 NOTE
r-release-windows-ix86+x86_64 1.0 5.00 62.00 67.00 NOTE
r-release-osx-x86_64 1.0 NOTE
r-oldrel-windows-ix86+x86_64 1.0 4.00 67.00 71.00 NOTE
r-oldrel-osx-x86_64 1.0 NOTE

Check Details

Version: 1.0
Check: package dependencies
Result: NOTE
    Package suggested but not available for checking: 'dendextendRcpp'
Flavors: r-devel-linux-x86_64-debian-clang, r-devel-linux-x86_64-debian-gcc, r-devel-linux-x86_64-fedora-clang, r-devel-linux-x86_64-fedora-gcc, r-devel-windows-ix86+x86_64, r-devel-windows-ix86+x86_64-gcc8, r-patched-linux-x86_64, r-patched-solaris-x86, r-release-linux-x86_64, r-release-windows-ix86+x86_64, r-release-osx-x86_64, r-oldrel-windows-ix86+x86_64, r-oldrel-osx-x86_64