CRAN Package Check Results for Package phangorn

Last updated on 2019-11-17 03:48:00 CET.

Flavor Version Tinstall Tcheck Ttotal Status Flags
r-devel-linux-x86_64-debian-clang 2.5.5 55.40 247.53 302.93 OK
r-devel-linux-x86_64-debian-gcc 2.5.5 35.54 183.79 219.33 OK
r-devel-linux-x86_64-fedora-clang 2.5.5 359.99 OK
r-devel-linux-x86_64-fedora-gcc 2.5.5 353.87 OK
r-devel-windows-ix86+x86_64 2.5.5 110.00 345.00 455.00 OK
r-patched-linux-x86_64 2.5.5 39.78 248.35 288.13 OK
r-patched-solaris-x86 2.5.5 449.00 OK
r-release-linux-x86_64 2.5.5 39.71 244.45 284.16 OK
r-release-windows-ix86+x86_64 2.5.5 86.00 406.00 492.00 NOTE
r-release-osx-x86_64 2.5.5 NOTE
r-oldrel-windows-ix86+x86_64 2.5.5 79.00 304.00 383.00 OK
r-oldrel-osx-x86_64 2.5.5 OK

Check Details

Version: 2.5.5
Check: installed package size
Result: NOTE
     installed size is 5.0Mb
     sub-directories of 1Mb or more:
     doc 1.1Mb
     libs 1.7Mb
Flavor: r-release-windows-ix86+x86_64

Version: 2.5.5
Check: package dependencies
Result: NOTE
    Package suggested but not available for checking: ‘Biostrings’
Flavor: r-release-osx-x86_64