CRAN Package Check Results for Package pheatmap

Last updated on 2020-03-31 11:49:18 CEST.

Flavor Version Tinstall Tcheck Ttotal Status Flags
r-devel-linux-x86_64-debian-clang 1.0.12 3.28 30.00 33.28 NOTE
r-devel-linux-x86_64-debian-gcc 1.0.12 3.22 23.88 27.10 NOTE
r-devel-linux-x86_64-fedora-clang 1.0.12 40.78 NOTE
r-devel-linux-x86_64-fedora-gcc 1.0.12 41.52 NOTE
r-devel-windows-ix86+x86_64 1.0.12 7.00 39.00 46.00 OK
r-devel-windows-ix86+x86_64-gcc8 1.0.12 7.00 42.00 49.00 OK
r-patched-linux-x86_64 1.0.12 3.72 29.55 33.27 NOTE
r-patched-solaris-x86 1.0.12 62.00 NOTE
r-release-linux-x86_64 1.0.12 3.25 27.80 31.05 OK
r-release-windows-ix86+x86_64 1.0.12 12.00 63.00 75.00 OK
r-release-osx-x86_64 1.0.12 OK
r-oldrel-windows-ix86+x86_64 1.0.12 6.00 57.00 63.00 OK
r-oldrel-osx-x86_64 1.0.12 OK

Check Details

Version: 1.0.12
Check: for non-standard things in the check directory
Result: NOTE
    Found the following files/directories:
     'test.pdf'
Flavors: r-devel-linux-x86_64-debian-clang, r-devel-linux-x86_64-debian-gcc, r-devel-linux-x86_64-fedora-clang, r-devel-linux-x86_64-fedora-gcc, r-patched-linux-x86_64, r-patched-solaris-x86