CRAN Package Check Results for Package pwt

Last updated on 2020-02-18 23:48:43 CET.

Flavor Version Tinstall Tcheck Ttotal Status Flags
r-devel-linux-x86_64-debian-clang 7.1-1 8.30 22.69 30.99 OK
r-devel-linux-x86_64-debian-gcc 7.1-1 7.53 18.53 26.06 OK
r-devel-linux-x86_64-fedora-clang 7.1-1 40.33 NOTE
r-devel-linux-x86_64-fedora-gcc 7.1-1 39.18 OK
r-devel-windows-ix86+x86_64 7.1-1 16.00 34.00 50.00 NOTE
r-devel-windows-ix86+x86_64-gcc8 7.1-1 15.00 33.00 48.00 NOTE
r-patched-linux-x86_64 7.1-1 7.51 21.41 28.92 OK
r-patched-solaris-x86 7.1-1 61.20 NOTE
r-release-linux-x86_64 7.1-1 7.73 21.67 29.40 OK
r-release-windows-ix86+x86_64 7.1-1 13.00 47.00 60.00 NOTE
r-release-osx-x86_64 7.1-1 NOTE
r-oldrel-windows-ix86+x86_64 7.1-1 11.00 32.00 43.00 NOTE
r-oldrel-osx-x86_64 7.1-1 NOTE

Check Details

Version: 7.1-1
Check: installed package size
Result: NOTE
     installed size is 7.3Mb
     sub-directories of 1Mb or more:
     data 7.2Mb
Flavors: r-devel-linux-x86_64-fedora-clang, r-devel-windows-ix86+x86_64, r-devel-windows-ix86+x86_64-gcc8, r-patched-solaris-x86, r-release-windows-ix86+x86_64, r-release-osx-x86_64, r-oldrel-windows-ix86+x86_64, r-oldrel-osx-x86_64