CRAN Package Check Results for Package pycno

Last updated on 2019-12-15 19:48:49 CET.

Flavor Version Tinstall Tcheck Ttotal Status Flags
r-devel-linux-x86_64-debian-clang 1.2 4.12 40.77 44.89 NOTE
r-devel-linux-x86_64-debian-gcc 1.2 3.52 32.55 36.07 NOTE
r-devel-linux-x86_64-fedora-clang 1.2 53.47 NOTE
r-devel-linux-x86_64-fedora-gcc 1.2 50.23 NOTE
r-devel-windows-ix86+x86_64 1.2 12.00 117.00 129.00 NOTE
r-devel-windows-ix86+x86_64-gcc8 1.2 14.00 97.00 111.00 NOTE
r-patched-linux-x86_64 1.2 3.47 35.65 39.12 NOTE
r-patched-solaris-x86 1.2 86.00 NOTE
r-release-linux-x86_64 1.2 3.48 35.45 38.93 NOTE
r-release-windows-ix86+x86_64 1.2 15.00 76.00 91.00 NOTE
r-release-osx-x86_64 1.2 NOTE
r-oldrel-windows-ix86+x86_64 1.2 6.00 76.00 82.00 NOTE
r-oldrel-osx-x86_64 1.2 NOTE

Check Details

Version: 1.2
Check: R code for possible problems
Result: NOTE
    .grid.matrix: no visible global function definition for 'slot'
    .matrix2grid: no visible global function definition for 'as'
    .poly2grid: no visible global function definition for 'is'
    .poly2grid: no visible global function definition for 'slot'
    .poly2grid: no visible global function definition for 'as'
    .pycno.core : smooth2D : s1d: no visible global function definition for
     'filter'
    .pycno.core: no visible global function definition for 'flush.console'
    .pycno2matrix: no visible global function definition for 'slot'
    Undefined global functions or variables:
     as filter flush.console is slot
    Consider adding
     importFrom("methods", "as", "is", "slot")
     importFrom("stats", "filter")
     importFrom("utils", "flush.console")
    to your NAMESPACE file (and ensure that your DESCRIPTION Imports field
    contains 'methods').
Flavors: r-devel-linux-x86_64-debian-clang, r-devel-linux-x86_64-debian-gcc, r-devel-linux-x86_64-fedora-clang, r-devel-linux-x86_64-fedora-gcc, r-devel-windows-ix86+x86_64, r-devel-windows-ix86+x86_64-gcc8, r-patched-linux-x86_64, r-patched-solaris-x86, r-release-linux-x86_64, r-release-windows-ix86+x86_64, r-release-osx-x86_64, r-oldrel-windows-ix86+x86_64, r-oldrel-osx-x86_64