CRAN Package Check Results for Package qqplotr

Last updated on 2020-04-04 11:51:16 CEST.

Flavor Version Tinstall Tcheck Ttotal Status Flags
r-devel-linux-x86_64-debian-clang 0.0.4 7.15 62.94 70.09 OK
r-devel-linux-x86_64-debian-gcc 0.0.4 6.44 48.32 54.76 OK
r-devel-linux-x86_64-fedora-clang 0.0.4 79.09 NOTE
r-devel-linux-x86_64-fedora-gcc 0.0.4 76.65 NOTE
r-devel-windows-ix86+x86_64 0.0.4 18.00 70.00 88.00 OK
r-devel-windows-ix86+x86_64-gcc8 0.0.4 16.00 68.00 84.00 OK
r-patched-linux-x86_64 0.0.4 6.17 62.05 68.22 OK
r-patched-solaris-x86 0.0.4 122.40 NOTE
r-release-linux-x86_64 0.0.4 6.52 58.36 64.88 OK
r-release-windows-ix86+x86_64 0.0.4 15.00 85.00 100.00 OK
r-release-osx-x86_64 0.0.4 NOTE
r-oldrel-windows-ix86+x86_64 0.0.4 9.00 78.00 87.00 OK
r-oldrel-osx-x86_64 0.0.4 NOTE

Check Details

Version: 0.0.4
Check: dependencies in R code
Result: NOTE
    Namespace in Imports field not imported from: ‘knitr’
     All declared Imports should be used.
Flavors: r-devel-linux-x86_64-fedora-clang, r-devel-linux-x86_64-fedora-gcc, r-patched-solaris-x86, r-release-osx-x86_64, r-oldrel-osx-x86_64