CRAN Package Check Results for Package questionr

Last updated on 2020-03-31 03:48:19 CEST.

Flavor Version Tinstall Tcheck Ttotal Status Flags
r-devel-linux-x86_64-debian-clang 0.7.0 7.10 53.71 60.81 OK
r-devel-linux-x86_64-debian-gcc 0.7.0 5.84 43.32 49.16 OK
r-devel-linux-x86_64-fedora-clang 0.7.0 71.02 NOTE
r-devel-linux-x86_64-fedora-gcc 0.7.0 71.72 NOTE
r-devel-windows-ix86+x86_64 0.7.0 15.00 63.00 78.00 OK
r-devel-windows-ix86+x86_64-gcc8 0.7.0 12.00 66.00 78.00 OK
r-patched-linux-x86_64 0.7.0 7.55 52.46 60.01 OK
r-patched-solaris-x86 0.7.0 105.30 NOTE
r-release-linux-x86_64 0.7.0 5.49 48.84 54.33 OK
r-release-windows-ix86+x86_64 0.7.0 23.00 97.00 120.00 OK
r-release-osx-x86_64 0.7.0 NOTE
r-oldrel-windows-ix86+x86_64 0.7.0 15.00 94.00 109.00 OK
r-oldrel-osx-x86_64 0.7.0 NOTE

Check Details

Version: 0.7.0
Check: data for non-ASCII characters
Result: NOTE
     Note: found 4145 marked UTF-8 strings
Flavors: r-devel-linux-x86_64-fedora-clang, r-devel-linux-x86_64-fedora-gcc, r-patched-solaris-x86, r-release-osx-x86_64, r-oldrel-osx-x86_64