CRAN Package Check Results for Package rcv

Last updated on 2020-02-25 15:48:06 CET.

Flavor Version Tinstall Tcheck Ttotal Status Flags
r-devel-linux-x86_64-debian-clang 0.2.1 18.86 70.90 89.76 OK
r-devel-linux-x86_64-debian-gcc 0.2.1 18.66 57.75 76.41 OK
r-devel-linux-x86_64-fedora-clang 0.2.1 117.77 NOTE
r-devel-linux-x86_64-fedora-gcc 0.2.1 114.53 NOTE
r-devel-windows-ix86+x86_64 0.2.1 31.00 83.00 114.00 OK
r-devel-windows-ix86+x86_64-gcc8 0.2.1 31.00 87.00 118.00 OK
r-patched-linux-x86_64 0.2.1 19.22 66.76 85.98 OK
r-patched-solaris-x86 0.2.1 188.60 NOTE
r-release-linux-x86_64 0.2.1 17.55 66.09 83.64 OK
r-release-windows-ix86+x86_64 0.2.1 29.00 86.00 115.00 OK
r-release-osx-x86_64 0.2.1 NOTE
r-oldrel-windows-ix86+x86_64 0.2.1 27.00 76.00 103.00 ERROR
r-oldrel-osx-x86_64 0.2.1 NOTE

Check Details

Version: 0.2.1
Check: data for non-ASCII characters
Result: NOTE
     Note: found 6543 marked UTF-8 strings
Flavors: r-devel-linux-x86_64-fedora-clang, r-devel-linux-x86_64-fedora-gcc, r-patched-solaris-x86, r-release-osx-x86_64, r-oldrel-osx-x86_64

Version: 0.2.1
Check: examples
Result: ERROR
    Running examples in 'rcv-Ex.R' failed
    The error most likely occurred in:
    
    > ### Name: import_data
    > ### Title: Imports election data
    > ### Aliases: import_data
    >
    > ### ** Examples
    >
    > import_data("http://www.sfelections.org/results/20161108/data/20161206/20161206_masterlookup.txt",
    + header = FALSE)
    `curl` package not installed, falling back to using `url()`
    Warning in open.connection(con, "rb") :
     InternetOpenUrl failed: 'Eine Umleitungsanforderung √§ndert eine nicht sichere in eine sichere Verbindung.'
    Error in open.connection(con, "rb") : cannot open the connection
    Calls: import_data ... datasource_connection -> read_connection -> open -> open.connection
    Execution halted
Flavor: r-oldrel-windows-ix86+x86_64