CRAN Package Check Results for Package rdtLite

Last updated on 2020-02-21 11:49:12 CET.

Flavor Version Tinstall Tcheck Ttotal Status Flags
r-devel-linux-x86_64-debian-clang 1.2.1 6.11 44.45 50.56 OK
r-devel-linux-x86_64-debian-gcc 1.2.1 6.00 34.46 40.46 OK
r-devel-linux-x86_64-fedora-clang 1.2.1 62.46 NOTE
r-devel-linux-x86_64-fedora-gcc 1.2.1 61.59 NOTE
r-devel-windows-ix86+x86_64 1.2.1 11.00 62.00 73.00 OK
r-devel-windows-ix86+x86_64-gcc8 1.2.1 16.00 58.00 74.00 OK
r-patched-linux-x86_64 1.2.1 6.43 39.67 46.10 OK
r-patched-solaris-x86 1.2.1 82.20 NOTE
r-release-linux-x86_64 1.2.1 6.96 40.45 47.41 OK
r-release-windows-ix86+x86_64 1.2.1 10.00 56.00 66.00 OK
r-release-osx-x86_64 1.2.1 NOTE
r-oldrel-windows-ix86+x86_64 1.0.2 6.00 64.00 70.00 OK
r-oldrel-osx-x86_64 1.2.1 ERROR

Check Details

Version: 1.2.1
Check: dependencies in R code
Result: NOTE
    Namespace in Imports field not imported from: ‘gtools’
     All declared Imports should be used.
Flavors: r-devel-linux-x86_64-fedora-clang, r-devel-linux-x86_64-fedora-gcc, r-patched-solaris-x86, r-release-osx-x86_64

Version: 1.2.1
Check: whether package can be installed
Result: ERROR
    Installation failed.
Flavor: r-oldrel-osx-x86_64