CRAN Package Check Results for Package readJDX

Last updated on 2019-11-20 11:50:13 CET.

Flavor Version Tinstall Tcheck Ttotal Status Flags
r-devel-linux-x86_64-debian-clang 0.4.29 3.09 45.72 48.81 WARN
r-devel-linux-x86_64-debian-gcc 0.4.29 2.47 37.75 40.22 WARN
r-devel-linux-x86_64-fedora-clang 0.4.29 94.76 WARN
r-devel-linux-x86_64-fedora-gcc 0.4.29 97.98 WARN
r-devel-windows-ix86+x86_64 0.4.29 10.00 121.00 131.00 OK
r-devel-windows-ix86+x86_64-gcc8 0.4.29 11.00 91.00 102.00 OK
r-patched-linux-x86_64 0.4.29 2.82 44.55 47.37 WARN
r-patched-solaris-x86 0.4.29 71.00 OK
r-release-linux-x86_64 0.4.29 2.40 44.78 47.18 WARN
r-release-windows-ix86+x86_64 0.4.29 5.00 80.00 85.00 OK
r-release-osx-x86_64 0.4.29 OK
r-oldrel-windows-ix86+x86_64 0.4.29 5.00 105.00 110.00 OK
r-oldrel-osx-x86_64 0.4.29 OK

Check Details

Version: 0.4.29
Check: re-building of vignette outputs
Result: WARN
    Error(s) in re-building vignettes:
     ...
    --- re-building 'GuideToVignettes.Rmd' using rmarkdown
    tlmgr search --file --global '/tikzlibrarytopaths.code.tex'
    TLPDB: not a directory, not loading: /home/hornik/lib/texmf/
    tlmgr: running in usermode, did you call `tlmgr init-usertree'?
    Warning in system2("tlmgr", args, ...) :
     running command ''tlmgr' search --file --global '/tikzlibrarytopaths.code.tex'' had status 2
    Warning in parse_packages(logfile, quiet = c(TRUE, FALSE, FALSE)) :
     Failed to find a package that contains tikzlibrarytopaths.code.tex
    ! Missing number, treated as zero.
    <to be read again>
     \protect
    l.74 ...enter}\rule{0.5\linewidth}{\linethickness}
     \end{center}
    
    Error: processing vignette 'GuideToVignettes.Rmd' failed with diagnostics:
    Failed to compile GuideToVignettes.tex. See https://yihui.name/tinytex/r/#debugging for debugging tips. See GuideToVignettes.log for more info.
    --- failed re-building 'GuideToVignettes.Rmd'
    
    --- re-building 'ProgramFlow.Rmd' using rmarkdown
    --- finished re-building 'ProgramFlow.Rmd'
    
    --- re-building 'readJDX.Rmd' using rmarkdown
    --- finished re-building 'readJDX.Rmd'
    
    --- re-building 'MiniDIFDUP_1.Rnw' using Sweave
    --- finished re-building 'MiniDIFDUP_1.Rnw'
    
    --- re-building 'MiniDIFDUP_2.Rnw' using Sweave
    --- finished re-building 'MiniDIFDUP_2.Rnw'
    
    SUMMARY: processing the following file failed:
     'GuideToVignettes.Rmd'
    
    Error: Vignette re-building failed.
    Execution halted
Flavors: r-devel-linux-x86_64-debian-clang, r-patched-linux-x86_64, r-release-linux-x86_64

Version: 0.4.29
Check: re-building of vignette outputs
Result: WARN
    Error(s) in re-building vignettes:
     ...
    --- re-building ‘GuideToVignettes.Rmd’ using rmarkdown
    tlmgr search --file --global '/tikzlibrarytopaths.code.tex'
    TLPDB: not a directory, not loading: /home/hornik/texmf
    tlmgr: running in usermode, did you call `tlmgr init-usertree'?
    Warning in system2("tlmgr", args, ...) :
     running command ‘'tlmgr' search --file --global '/tikzlibrarytopaths.code.tex'’ had status 2
    Warning in parse_packages(logfile, quiet = c(TRUE, FALSE, FALSE)) :
     Failed to find a package that contains tikzlibrarytopaths.code.tex
    ! Missing number, treated as zero.
    <to be read again>
     \protect
    l.74 ...enter}\rule{0.5\linewidth}{\linethickness}
     \end{center}
    
    Error: processing vignette 'GuideToVignettes.Rmd' failed with diagnostics:
    Failed to compile GuideToVignettes.tex. See https://yihui.name/tinytex/r/#debugging for debugging tips. See GuideToVignettes.log for more info.
    --- failed re-building ‘GuideToVignettes.Rmd’
    
    --- re-building ‘ProgramFlow.Rmd’ using rmarkdown
    --- finished re-building ‘ProgramFlow.Rmd’
    
    --- re-building ‘readJDX.Rmd’ using rmarkdown
    --- finished re-building ‘readJDX.Rmd’
    
    --- re-building ‘MiniDIFDUP_1.Rnw’ using Sweave
    --- finished re-building ‘MiniDIFDUP_1.Rnw’
    
    --- re-building ‘MiniDIFDUP_2.Rnw’ using Sweave
    --- finished re-building ‘MiniDIFDUP_2.Rnw’
    
    SUMMARY: processing the following file failed:
     ‘GuideToVignettes.Rmd’
    
    Error: Vignette re-building failed.
    Execution halted
Flavor: r-devel-linux-x86_64-debian-gcc

Version: 0.4.29
Check: re-building of vignette outputs
Result: WARN
    Error(s) in re-building vignettes:
    --- re-building ‘GuideToVignettes.Rmd’ using rmarkdown
    tlmgr search --file --global '/tikzlibrarytopaths.code.tex'
    Trying to automatically install missing LaTeX packages...
    tlmgr install pgf
    tlmgr: package repository http://mirror.ox.ac.uk/sites/ctan.org/systems/texlive/tlnet (verified)
    tlmgr install: package already present: pgf
    tlmgr path add
    add_link_dir_dir: /usr/local/share/info/dir exists; not making symlink.
    tlmgr search --file --global '/tikzlibrarytopaths.code.tex'
    ! Missing number, treated as zero.
    <to be read again>
     \protect
    l.74 ...enter}\rule{0.5\linewidth}{\linethickness}
     \end{center}
    
    Error: processing vignette 'GuideToVignettes.Rmd' failed with diagnostics:
    Failed to compile GuideToVignettes.tex. See https://yihui.name/tinytex/r/#debugging for debugging tips. See GuideToVignettes.log for more info.
    --- failed re-building ‘GuideToVignettes.Rmd’
    
    --- re-building ‘ProgramFlow.Rmd’ using rmarkdown
    --- finished re-building ‘ProgramFlow.Rmd’
    
    --- re-building ‘readJDX.Rmd’ using rmarkdown
    --- finished re-building ‘readJDX.Rmd’
    
    --- re-building ‘MiniDIFDUP_1.Rnw’ using Sweave
    --- finished re-building ‘MiniDIFDUP_1.Rnw’
    
    --- re-building ‘MiniDIFDUP_2.Rnw’ using Sweave
    --- finished re-building ‘MiniDIFDUP_2.Rnw’
    
    SUMMARY: processing the following file failed:
     ‘GuideToVignettes.Rmd’
    
    Error: Vignette re-building failed.
    Execution halted
Flavors: r-devel-linux-x86_64-fedora-clang, r-devel-linux-x86_64-fedora-gcc