CRAN Package Check Results for Package rio

Last updated on 2019-12-16 07:56:28 CET.

Flavor Version Tinstall Tcheck Ttotal Status Flags
r-devel-linux-x86_64-debian-clang 0.5.16 5.72 66.70 72.42 NOTE
r-devel-linux-x86_64-debian-gcc 0.5.16 4.71 51.35 56.06 NOTE
r-devel-linux-x86_64-fedora-clang 0.5.16 88.14 NOTE
r-devel-linux-x86_64-fedora-gcc 0.5.16 86.45 NOTE
r-devel-windows-ix86+x86_64 0.5.16 12.00 118.00 130.00 OK
r-devel-windows-ix86+x86_64-gcc8 0.5.16 15.00 127.00 142.00 OK
r-patched-linux-x86_64 0.5.16 5.37 61.84 67.21 OK
r-patched-solaris-x86 0.5.16 119.10 OK
r-release-linux-x86_64 0.5.16 4.66 61.47 66.13 OK
r-release-windows-ix86+x86_64 0.5.16 11.00 91.00 102.00 OK
r-release-osx-x86_64 0.5.16 OK
r-oldrel-windows-ix86+x86_64 0.5.16 7.00 139.00 146.00 OK
r-oldrel-osx-x86_64 0.5.16 OK

Check Details

Version: 0.5.16
Check: for non-standard things in the check directory
Result: NOTE
    Found the following files/directories:
     'mtcars.txt'
Flavors: r-devel-linux-x86_64-debian-clang, r-devel-linux-x86_64-debian-gcc, r-devel-linux-x86_64-fedora-clang, r-devel-linux-x86_64-fedora-gcc