CRAN Package Check Results for Package robustSingleCell

Last updated on 2020-01-21 23:51:07 CET.

Flavor Version Tinstall Tcheck Ttotal Status Flags
r-devel-linux-x86_64-debian-clang 0.1.1 27.00 117.08 144.08 OK
r-devel-linux-x86_64-debian-gcc 0.1.1 18.87 89.80 108.67 OK
r-devel-linux-x86_64-fedora-clang 0.1.1 168.96 WARN
r-devel-linux-x86_64-fedora-gcc 0.1.1 162.74 OK
r-devel-windows-ix86+x86_64 0.1.1 69.00 263.00 332.00 OK
r-devel-windows-ix86+x86_64-gcc8 0.1.1 78.00 195.00 273.00 NOTE
r-patched-linux-x86_64 0.1.1 20.63 102.87 123.50 OK
r-patched-solaris-x86 0.1.1 220.60 OK
r-release-linux-x86_64 0.1.1 19.21 102.81 122.02 OK
r-release-windows-ix86+x86_64 0.1.1 45.00 216.00 261.00 OK
r-release-osx-x86_64 0.1.1 OK
r-oldrel-windows-ix86+x86_64 0.1.1 35.00 160.00 195.00 OK
r-oldrel-osx-x86_64 0.1.1 OK

Check Details

Version: 0.1.1
Check: package dependencies
Result: WARN
    Requires orphaned package: ‘gplots’
Flavor: r-devel-linux-x86_64-fedora-clang

Version: 0.1.1
Check: installed package size
Result: NOTE
     installed size is 5.3Mb
     sub-directories of 1Mb or more:
     doc 2.7Mb
     libs 2.0Mb
Flavor: r-devel-windows-ix86+x86_64-gcc8