CRAN Package Check Results for Package rstanemax

Last updated on 2019-11-22 23:50:14 CET.

Flavor Version Tinstall Tcheck Ttotal Status Flags
r-devel-linux-x86_64-debian-clang 0.1.1 NOTE
r-devel-linux-x86_64-debian-gcc 0.1.1 107.81 100.32 208.13 NOTE
r-devel-linux-x86_64-fedora-clang 0.1.1 296.57 NOTE
r-devel-linux-x86_64-fedora-gcc 0.1.1 188.55 NOTE
r-devel-windows-ix86+x86_64 0.1.1 159.00 226.00 385.00 NOTE
r-devel-windows-ix86+x86_64-gcc8 0.1.1 195.00 268.00 463.00 NOTE
r-patched-linux-x86_64 0.1.1 101.65 115.99 217.64 NOTE
r-patched-solaris-x86 0.1.1 314.30 NOTE
r-release-linux-x86_64 0.1.1 99.15 117.98 217.13 NOTE
r-release-windows-ix86+x86_64 0.1.1 218.00 265.00 483.00 NOTE
r-release-osx-x86_64 0.1.1 NOTE
r-oldrel-windows-ix86+x86_64 0.1.1 212.00 197.00 409.00 NOTE
r-oldrel-osx-x86_64 0.1.1 NOTE

Check Details

Version: 0.1.1
Check: for GNU extensions in Makefiles
Result: NOTE
    GNU make is a SystemRequirements.
Flavors: r-devel-linux-x86_64-debian-clang, r-devel-linux-x86_64-debian-gcc, r-devel-linux-x86_64-fedora-clang, r-devel-linux-x86_64-fedora-gcc, r-devel-windows-ix86+x86_64, r-devel-windows-ix86+x86_64-gcc8, r-patched-linux-x86_64, r-patched-solaris-x86, r-release-linux-x86_64, r-release-windows-ix86+x86_64, r-release-osx-x86_64, r-oldrel-windows-ix86+x86_64, r-oldrel-osx-x86_64

Version: 0.1.1
Check: installed package size
Result: NOTE
     installed size is 26.0Mb
     sub-directories of 1Mb or more:
     libs 25.7Mb
Flavors: r-devel-linux-x86_64-fedora-clang, r-release-osx-x86_64, r-oldrel-osx-x86_64