CRAN Package Check Results for Package samc

Last updated on 2020-02-26 07:51:54 CET.

Flavor Version Tinstall Tcheck Ttotal Status Flags
r-devel-linux-x86_64-debian-clang 1.0.4 124.65 230.45 355.10 OK
r-devel-linux-x86_64-debian-gcc 1.0.4 101.70 178.26 279.96 OK
r-devel-linux-x86_64-fedora-clang 1.0.4 475.02 WARN
r-devel-linux-x86_64-fedora-gcc 1.0.4 461.33 WARN
r-devel-windows-ix86+x86_64 1.0.4 187.00 250.00 437.00 OK
r-devel-windows-ix86+x86_64-gcc8 1.0.4 210.00 278.00 488.00 NOTE
r-patched-linux-x86_64 1.0.4 101.97 204.21 306.18 OK
r-patched-solaris-x86 1.0.4 405.50 NOTE
r-release-linux-x86_64 1.0.4 107.69 207.57 315.26 OK
r-release-windows-ix86+x86_64 1.0.4 180.00 246.00 426.00 OK
r-release-osx-x86_64 1.0.4 NOTE
r-oldrel-windows-ix86+x86_64 1.0.4 219.00 334.00 553.00 OK
r-oldrel-osx-x86_64 1.0.4 NOTE

Check Details

Version: 1.0.4
Check: whether package can be installed
Result: WARN
    Found the following significant warnings:
     Warning: namespace ‘rgdal’ is not available and has been replaced
Flavors: r-devel-linux-x86_64-fedora-clang, r-devel-linux-x86_64-fedora-gcc

Version: 1.0.4
Check: installed package size
Result: NOTE
     installed size is 15.6Mb
     sub-directories of 1Mb or more:
     doc 2.5Mb
     libs 12.4Mb
Flavors: r-devel-linux-x86_64-fedora-clang, r-devel-windows-ix86+x86_64-gcc8, r-release-osx-x86_64, r-oldrel-osx-x86_64

Version: 1.0.4
Check: dependencies in R code
Result: NOTE
    Namespaces in Imports field not imported from:
     ‘gdistance’ ‘methods’
     All declared Imports should be used.
Flavors: r-devel-linux-x86_64-fedora-clang, r-devel-linux-x86_64-fedora-gcc, r-patched-solaris-x86, r-release-osx-x86_64, r-oldrel-osx-x86_64

Version: 1.0.4
Check: package dependencies
Result: NOTE
    Package suggested but not available for checking: ‘gifski’
Flavor: r-patched-solaris-x86