CRAN Package Check Results for Package seqinr

Last updated on 2019-12-06 11:52:13 CET.

Flavor Version Tinstall Tcheck Ttotal Status Flags
r-devel-linux-x86_64-debian-clang 3.6-1 16.24 109.05 125.29 OK
r-devel-linux-x86_64-debian-gcc 3.6-1 11.81 85.99 97.80 OK
r-devel-linux-x86_64-fedora-clang 3.6-1 140.41 NOTE
r-devel-linux-x86_64-fedora-gcc 3.6-1 147.16 OK
r-devel-windows-ix86+x86_64 3.6-1 35.00 228.00 263.00 NOTE
r-devel-windows-ix86+x86_64-gcc8 3.6-1 31.00 249.00 280.00 NOTE
r-patched-linux-x86_64 3.6-1 11.34 100.62 111.96 OK
r-patched-solaris-x86 3.6-1 197.20 NOTE
r-release-linux-x86_64 3.6-1 12.71 100.77 113.48 OK
r-release-windows-ix86+x86_64 3.6-1 36.00 160.00 196.00 NOTE
r-release-osx-x86_64 3.6-1 NOTE
r-oldrel-windows-ix86+x86_64 3.6-1 25.00 189.00 214.00 NOTE
r-oldrel-osx-x86_64 3.6-1 NOTE

Check Details

Version: 3.6-1
Check: installed package size
Result: NOTE
     installed size is 5.5Mb
     sub-directories of 1Mb or more:
     data 1.4Mb
     sequences 1.9Mb
Flavors: r-devel-linux-x86_64-fedora-clang, r-devel-windows-ix86+x86_64, r-devel-windows-ix86+x86_64-gcc8, r-patched-solaris-x86, r-release-windows-ix86+x86_64, r-release-osx-x86_64, r-oldrel-windows-ix86+x86_64, r-oldrel-osx-x86_64