CRAN Package Check Results for Package simplexreg

Last updated on 2020-01-22 11:50:35 CET.

Flavor Version Tinstall Tcheck Ttotal Status Flags
r-devel-linux-x86_64-debian-clang 1.3 6.02 35.75 41.77 OK
r-devel-linux-x86_64-debian-gcc 1.3 4.77 27.75 32.52 OK
r-devel-linux-x86_64-fedora-clang 1.3 50.30 NOTE
r-devel-linux-x86_64-fedora-gcc 1.3 49.03 NOTE
r-devel-windows-ix86+x86_64 1.3 19.00 88.00 107.00 OK
r-devel-windows-ix86+x86_64-gcc8 1.3 13.00 89.00 102.00 OK
r-patched-linux-x86_64 1.3 4.81 32.39 37.20 OK
r-patched-solaris-x86 1.3 64.20 OK
r-release-linux-x86_64 1.3 5.30 32.67 37.97 OK
r-release-windows-ix86+x86_64 1.3 11.00 59.00 70.00 OK
r-release-osx-x86_64 1.3 OK
r-oldrel-windows-ix86+x86_64 1.3 8.00 55.00 63.00 OK
r-oldrel-osx-x86_64 1.3 OK

Check Details

Version: 1.3
Check: compiled code
Result: NOTE
    File ‘simplexreg/libs/simplexreg.so’:
     Found no calls to: ‘R_registerRoutines’, ‘R_useDynamicSymbols’
    
    It is good practice to register native routines and to disable symbol
    search.
    
    See ‘Writing portable packages’ in the ‘Writing R Extensions’ manual.
Flavors: r-devel-linux-x86_64-fedora-clang, r-devel-linux-x86_64-fedora-gcc