CRAN Package Check Results for Package snfa

Last updated on 2019-11-22 19:48:52 CET.

Flavor Version Tinstall Tcheck Ttotal Status Flags
r-devel-linux-x86_64-debian-clang 0.0.1 OK
r-devel-linux-x86_64-debian-gcc 0.0.1 2.37 29.81 32.18 OK
r-devel-linux-x86_64-fedora-clang 0.0.1 49.68 NOTE
r-devel-linux-x86_64-fedora-gcc 0.0.1 48.15 NOTE
r-devel-windows-ix86+x86_64 0.0.1 18.00 51.00 69.00 OK
r-devel-windows-ix86+x86_64-gcc8 0.0.1 9.00 52.00 61.00 OK
r-patched-linux-x86_64 0.0.1 2.33 35.29 37.62 OK
r-patched-solaris-x86 0.0.1 68.80 NOTE
r-release-linux-x86_64 0.0.1 2.30 36.21 38.51 OK
r-release-windows-ix86+x86_64 0.0.1 7.00 69.00 76.00 OK
r-release-osx-x86_64 0.0.1 NOTE
r-oldrel-windows-ix86+x86_64 0.0.1 4.00 47.00 51.00 OK
r-oldrel-osx-x86_64 0.0.1 NOTE

Check Details

Version: 0.0.1
Check: dependencies in R code
Result: NOTE
    Namespaces in Imports field not imported from:
     ‘Rdpack’ ‘ggplot2’
     All declared Imports should be used.
Flavors: r-devel-linux-x86_64-fedora-clang, r-devel-linux-x86_64-fedora-gcc, r-patched-solaris-x86, r-release-osx-x86_64, r-oldrel-osx-x86_64