CRAN Package Check Results for Package spinebil

Last updated on 2019-12-07 11:46:47 CET.

Flavor Version Tinstall Tcheck Ttotal Status Flags
r-devel-linux-x86_64-debian-clang 0.1.0 2.51 23.68 26.19 NOTE
r-devel-linux-x86_64-debian-gcc 0.1.0 1.86 18.78 20.64 NOTE
r-devel-linux-x86_64-fedora-clang 0.1.0 32.06 NOTE
r-devel-linux-x86_64-fedora-gcc 0.1.0 20.08 NOTE
r-devel-windows-ix86+x86_64 0.1.0 6.00 59.00 65.00 OK
r-devel-windows-ix86+x86_64-gcc8 0.1.0 7.00 61.00 68.00 OK
r-patched-linux-x86_64 0.1.0 2.12 21.60 23.72 NOTE
r-patched-solaris-x86 0.1.0 44.20 NOTE
r-release-linux-x86_64 0.1.0 2.18 21.97 24.15 NOTE
r-release-windows-ix86+x86_64 0.1.0 5.00 40.00 45.00 OK
r-release-osx-x86_64 0.1.0 OK
r-oldrel-windows-ix86+x86_64 0.1.0 3.00 63.00 66.00 OK
r-oldrel-osx-x86_64 0.1.0 OK

Check Details

Version: 0.1.0
Check: package dependencies
Result: NOTE
    Package suggested but not available for checking: 'mbgraphic'
Flavors: r-devel-linux-x86_64-debian-clang, r-devel-linux-x86_64-debian-gcc, r-devel-linux-x86_64-fedora-clang, r-devel-linux-x86_64-fedora-gcc, r-patched-linux-x86_64, r-patched-solaris-x86, r-release-linux-x86_64