CRAN Package Check Results for Package strataG

Last updated on 2019-12-14 03:49:13 CET.

Flavor Version Tinstall Tcheck Ttotal Status Flags
r-devel-linux-x86_64-debian-clang 2.0.2 104.18 269.96 374.14 OK --no-vignettes
r-devel-linux-x86_64-debian-gcc 2.0.2 76.13 240.17 316.30 OK --no-vignettes
r-devel-linux-x86_64-fedora-clang 2.0.2 568.47 NOTE
r-devel-linux-x86_64-fedora-gcc 2.0.2 562.54 NOTE
r-devel-windows-ix86+x86_64 2.0.2 198.00 738.00 936.00 OK
r-devel-windows-ix86+x86_64-gcc8 2.0.2 278.00 746.00 1024.00 OK
r-patched-linux-x86_64 2.0.2 82.77 252.89 335.66 OK --no-vignettes
r-patched-solaris-x86 2.0.2 481.20 NOTE --no-vignettes
r-release-linux-x86_64 2.0.2 81.54 240.88 322.42 OK --no-vignettes
r-release-windows-ix86+x86_64 2.0.2 174.00 516.00 690.00 OK
r-release-osx-x86_64 2.0.2 NOTE
r-oldrel-windows-ix86+x86_64 2.0.2 163.00 433.00 596.00 OK
r-oldrel-osx-x86_64 2.0.2 NOTE

Check Details

Version: 2.0.2
Check: dependencies in R code
Result: NOTE
    Namespace in Imports field not imported from: ‘survival’
     All declared Imports should be used.
Flavors: r-devel-linux-x86_64-fedora-clang, r-devel-linux-x86_64-fedora-gcc, r-release-osx-x86_64, r-oldrel-osx-x86_64

Version: 2.0.2
Flags: --no-vignettes
Check: dependencies in R code
Result: NOTE
    Namespace in Imports field not imported from: ‘survival’
     All declared Imports should be used.
Flavor: r-patched-solaris-x86