CRAN Package Check Results for Package tableschema.r

Last updated on 2020-02-27 07:49:54 CET.

Flavor Version Tinstall Tcheck Ttotal Status Flags
r-devel-linux-x86_64-debian-clang 1.1.0 13.12 65.28 78.40 OK
r-devel-linux-x86_64-debian-gcc 1.1.0 10.94 50.63 61.57 OK
r-devel-linux-x86_64-fedora-clang 1.1.0 98.27 NOTE
r-devel-linux-x86_64-fedora-gcc 1.1.0 91.57 NOTE
r-devel-windows-ix86+x86_64 1.1.0 16.00 144.00 160.00 OK
r-devel-windows-ix86+x86_64-gcc8 1.1.0 17.00 140.00 157.00 OK
r-patched-linux-x86_64 1.1.0 11.19 58.58 69.77 OK
r-patched-solaris-x86 1.1.0 110.80 NOTE
r-release-linux-x86_64 1.1.0 11.01 59.44 70.45 OK
r-release-windows-ix86+x86_64 1.1.0 18.00 139.00 157.00 OK
r-release-osx-x86_64 1.1.0 NOTE
r-oldrel-windows-ix86+x86_64 1.1.0 12.00 129.00 141.00 OK
r-oldrel-osx-x86_64 1.1.0 NOTE

Check Details

Version: 1.1.0
Check: dependencies in R code
Result: NOTE
    Namespace in Imports field not imported from: ‘iterators’
     All declared Imports should be used.
Flavors: r-devel-linux-x86_64-fedora-clang, r-devel-linux-x86_64-fedora-gcc, r-patched-solaris-x86, r-release-osx-x86_64, r-oldrel-osx-x86_64