CRAN Package Check Results for Package teachingApps

Last updated on 2020-02-21 15:47:57 CET.

Flavor Version Tinstall Tcheck Ttotal Status Flags
r-devel-linux-x86_64-debian-clang 1.0.4 77.01 95.93 172.94 OK
r-devel-linux-x86_64-debian-gcc 1.0.4 60.62 72.25 132.87 OK
r-devel-linux-x86_64-fedora-clang 1.0.4 224.69 WARN
r-devel-linux-x86_64-fedora-gcc 1.0.4 220.39 OK
r-devel-windows-ix86+x86_64 1.0.4 165.00 157.00 322.00 OK
r-devel-windows-ix86+x86_64-gcc8 1.0.4 244.00 162.00 406.00 OK
r-patched-linux-x86_64 1.0.4 72.17 83.69 155.86 OK
r-patched-solaris-x86 1.0.4 227.60 OK
r-release-linux-x86_64 1.0.4 68.21 83.22 151.43 OK
r-release-windows-ix86+x86_64 1.0.4 155.00 160.00 315.00 OK
r-release-osx-x86_64 1.0.4 NOTE
r-oldrel-windows-ix86+x86_64 1.0.4 146.00 169.00 315.00 OK
r-oldrel-osx-x86_64 1.0.4 NOTE

Check Details

Version: 1.0.4
Check: package dependencies
Result: WARN
    Imports includes 30 non-default packages.
    Importing from so many packages makes the package vulnerable to any of
    them becoming unavailable. Move as many as possible to Suggests and
    use conditionally.
    
    Requires orphaned package: ‘d3heatmap’
Flavor: r-devel-linux-x86_64-fedora-clang

Version: 1.0.4
Check: installed package size
Result: NOTE
     installed size is 11.8Mb
     sub-directories of 1Mb or more:
     apps 2.8Mb
     libs 8.1Mb
Flavors: r-devel-linux-x86_64-fedora-clang, r-release-osx-x86_64, r-oldrel-osx-x86_64