CRAN Package Check Results for Package tidystopwords

Last updated on 2019-11-15 23:52:16 CET.

Flavor Version Tinstall Tcheck Ttotal Status Flags
r-devel-linux-x86_64-debian-clang 0.9.0 3.88 85.59 89.47 OK
r-devel-linux-x86_64-debian-gcc 0.9.0 2.83 70.42 73.25 OK
r-devel-linux-x86_64-fedora-clang 0.9.0 110.29 NOTE
r-devel-linux-x86_64-fedora-gcc 0.9.0 108.60 NOTE
r-devel-windows-ix86+x86_64 0.9.0 15.00 98.00 113.00 OK
r-patched-linux-x86_64 0.9.0 3.22 82.96 86.18 OK
r-patched-solaris-x86 0.9.0 183.10 NOTE
r-release-linux-x86_64 0.9.0 3.16 83.20 86.36 OK
r-release-windows-ix86+x86_64 0.9.0 7.00 130.00 137.00 OK
r-release-osx-x86_64 0.9.0 NOTE
r-oldrel-windows-ix86+x86_64 0.9.0 5.00 123.00 128.00 OK
r-oldrel-osx-x86_64 0.9.0 NOTE

Check Details

Version: 0.9.0
Check: data for non-ASCII characters
Result: NOTE
     Note: found 229801 marked UTF-8 strings
Flavors: r-devel-linux-x86_64-fedora-clang, r-devel-linux-x86_64-fedora-gcc, r-patched-solaris-x86, r-release-osx-x86_64, r-oldrel-osx-x86_64