CRAN Package Check Results for Package tiff

Last updated on 2020-04-05 23:47:50 CEST.

Flavor Version Tinstall Tcheck Ttotal Status Flags
r-devel-linux-x86_64-debian-clang 0.1-5 3.01 16.59 19.60 OK
r-devel-linux-x86_64-debian-gcc 0.1-5 0.32 1.62 1.94 ERROR
r-devel-linux-x86_64-fedora-clang 0.1-5 25.70 NOTE
r-devel-linux-x86_64-fedora-gcc 0.1-5 25.23 NOTE
r-devel-windows-ix86+x86_64 0.1-5 15.00 50.00 65.00 OK
r-devel-windows-ix86+x86_64-gcc8 0.1-5 19.00 39.00 58.00 ERROR
r-patched-linux-x86_64 0.1-5 2.91 16.98 19.89 OK
r-patched-solaris-x86 0.1-5 39.90 OK
r-release-linux-x86_64 0.1-5 2.39 16.20 18.59 OK
r-release-windows-ix86+x86_64 0.1-5 18.00 49.00 67.00 OK
r-release-osx-x86_64 0.1-5 OK
r-oldrel-windows-ix86+x86_64 0.1-5 16.00 32.00 48.00 OK
r-oldrel-osx-x86_64 0.1-5 OK

Additional issues

rchk

Check Details

Version: 0.1-5
Check: whether package can be installed
Result: ERROR
    Installation failed.
Flavor: r-devel-linux-x86_64-debian-gcc

Version: 0.1-5
Check: compiled code
Result: NOTE
    File ‘tiff/libs/tiff.so’:
     Found no calls to: ‘R_registerRoutines’, ‘R_useDynamicSymbols’
    
    It is good practice to register native routines and to disable symbol
    search.
    
    See ‘Writing portable packages’ in the ‘Writing R Extensions’ manual.
Flavors: r-devel-linux-x86_64-fedora-clang, r-devel-linux-x86_64-fedora-gcc

Version: 0.1-5
Check: running examples for arch ‘i386’
Result: ERROR
    Running examples in 'tiff-Ex.R' failed
    The error most likely occurred in:
    
    > ### Name: readTIFF
    > ### Title: Read a bitmap image stored in the TIFF format
    > ### Aliases: readTIFF
    > ### Keywords: IO
    >
    > ### ** Examples
    >
    > # read a sample file (R logo)
    > img <- readTIFF(system.file("img", "Rlogo.tiff", package="tiff"))
Flavor: r-devel-windows-ix86+x86_64-gcc8