CRAN Package Check Results for Package tiler

Last updated on 2020-04-05 23:47:50 CEST.

Flavor Version Tinstall Tcheck Ttotal Status Flags
r-devel-linux-x86_64-debian-clang 0.2.4 2.30 30.73 33.03 OK
r-devel-linux-x86_64-debian-gcc 0.2.4 0.37 2.07 2.44 ERROR
r-devel-linux-x86_64-fedora-clang 0.2.4 41.23 NOTE
r-devel-linux-x86_64-fedora-gcc 0.2.4 40.28 NOTE
r-devel-windows-ix86+x86_64 0.2.4 7.00 42.00 49.00 OK
r-devel-windows-ix86+x86_64-gcc8 0.2.4 6.00 46.00 52.00 OK
r-patched-linux-x86_64 0.2.4 2.26 30.70 32.96 OK
r-patched-solaris-x86 0.2.4 63.20 NOTE
r-release-linux-x86_64 0.2.4 1.69 28.42 30.11 OK
r-release-windows-ix86+x86_64 0.2.4 4.00 55.00 59.00 OK
r-release-osx-x86_64 0.2.4 NOTE
r-oldrel-windows-ix86+x86_64 0.2.4 4.00 45.00 49.00 OK
r-oldrel-osx-x86_64 0.2.4 NOTE

Check Details

Version: 0.2.4
Check: whether package can be installed
Result: ERROR
    Installation failed.
Flavor: r-devel-linux-x86_64-debian-gcc

Version: 0.2.4
Check: dependencies in R code
Result: NOTE
    Namespace in Imports field not imported from: ‘rgdal’
     All declared Imports should be used.
Flavors: r-devel-linux-x86_64-fedora-clang, r-devel-linux-x86_64-fedora-gcc, r-patched-solaris-x86, r-release-osx-x86_64, r-oldrel-osx-x86_64