CRAN Package Check Results for Package tmvtnorm

Last updated on 2020-02-21 11:49:17 CET.

Flavor Version Tinstall Tcheck Ttotal Status Flags
r-devel-linux-x86_64-debian-clang 1.4-10 12.15 96.35 108.50 OK
r-devel-linux-x86_64-debian-gcc 1.4-10 8.90 72.70 81.60 OK
r-devel-linux-x86_64-fedora-clang 1.4-10 133.66 NOTE
r-devel-linux-x86_64-fedora-gcc 1.4-10 126.58 NOTE
r-devel-windows-ix86+x86_64 1.4-10 25.00 159.00 184.00 OK
r-devel-windows-ix86+x86_64-gcc8 1.4-10 31.00 149.00 180.00 OK
r-patched-linux-x86_64 1.4-10 9.76 83.61 93.37 OK
r-patched-solaris-x86 1.4-10 161.60 OK
r-release-linux-x86_64 1.4-10 10.35 83.14 93.49 OK
r-release-windows-ix86+x86_64 1.4-10 20.00 147.00 167.00 OK
r-release-osx-x86_64 1.4-10 OK
r-oldrel-windows-ix86+x86_64 1.4-10 15.00 129.00 144.00 OK
r-oldrel-osx-x86_64 1.4-10 OK

Check Details

Version: 1.4-10
Check: compiled code
Result: NOTE
    File ‘tmvtnorm/libs/tmvtnorm.so’:
     Found no calls to: ‘R_registerRoutines’, ‘R_useDynamicSymbols’
    
    It is good practice to register native routines and to disable symbol
    search.
    
    See ‘Writing portable packages’ in the ‘Writing R Extensions’ manual.
Flavors: r-devel-linux-x86_64-fedora-clang, r-devel-linux-x86_64-fedora-gcc