CRAN Package Check Results for Package tolerance

Last updated on 2020-02-20 07:52:13 CET.

Flavor Version Tinstall Tcheck Ttotal Status Flags
r-devel-linux-x86_64-debian-clang 2.0.0 12.20 96.53 108.73 OK
r-devel-linux-x86_64-debian-gcc 2.0.0 9.08 69.54 78.62 OK
r-devel-linux-x86_64-fedora-clang 2.0.0 133.91 OK
r-devel-linux-x86_64-fedora-gcc 2.0.0 122.07 OK
r-devel-windows-ix86+x86_64 2.0.0 19.00 111.00 130.00 OK
r-devel-windows-ix86+x86_64-gcc8 1.3.0 32.00 110.00 142.00 OK
r-patched-linux-x86_64 2.0.0 10.34 83.89 94.23 OK
r-patched-solaris-x86 2.0.0 156.80 OK
r-release-linux-x86_64 2.0.0 11.02 83.88 94.90 OK
r-release-windows-ix86+x86_64 2.0.0 19.00 99.00 118.00 OK
r-release-osx-x86_64 2.0.0 WARN
r-oldrel-windows-ix86+x86_64 2.0.0 15.00 96.00 111.00 OK
r-oldrel-osx-x86_64 2.0.0 WARN

Check Details

Version: 2.0.0
Check: whether package can be installed
Result: WARN
    Found the following significant warnings:
     Warning: 'rgl_init' failed, running with rgl.useNULL = TRUE
Flavors: r-release-osx-x86_64, r-oldrel-osx-x86_64

Version: 2.0.0
Check: dependencies in R code
Result: NOTE
    No protocol specified
Flavors: r-release-osx-x86_64, r-oldrel-osx-x86_64

Version: 2.0.0
Check: S3 generic/method consistency
Result: WARN
    No protocol specified
    See section ‘Generic functions and methods’ in the ‘Writing R
    Extensions’ manual.
Flavors: r-release-osx-x86_64, r-oldrel-osx-x86_64

Version: 2.0.0
Check: replacement functions
Result: WARN
    No protocol specified
    The argument of a replacement function which corresponds to the right
    hand side must be named ‘value’.
Flavors: r-release-osx-x86_64, r-oldrel-osx-x86_64

Version: 2.0.0
Check: foreign function calls
Result: NOTE
    No protocol specified
    See chapter ‘System and foreign language interfaces’ in the ‘Writing R
    Extensions’ manual.
Flavors: r-release-osx-x86_64, r-oldrel-osx-x86_64

Version: 2.0.0
Check: R code for possible problems
Result: NOTE
    No protocol specified
Flavors: r-release-osx-x86_64, r-oldrel-osx-x86_64

Version: 2.0.0
Check: for missing documentation entries
Result: WARN
    No protocol specified
    All user-level objects in a package should have documentation entries.
    See chapter ‘Writing R documentation files’ in the ‘Writing R
    Extensions’ manual.
Flavors: r-release-osx-x86_64, r-oldrel-osx-x86_64

Version: 2.0.0
Check: for code/documentation mismatches
Result: WARN
    No protocol specified
    No protocol specified
    No protocol specified
Flavors: r-release-osx-x86_64, r-oldrel-osx-x86_64

Version: 2.0.0
Check: Rd \usage sections
Result: NOTE
    No protocol specified
    The \usage entries for S3 methods should use the \method markup and not
    their full name.
    See chapter ‘Writing R documentation files’ in the ‘Writing R
    Extensions’ manual.
Flavors: r-release-osx-x86_64, r-oldrel-osx-x86_64