CRAN Package Check Results for Package ucminf

Last updated on 2020-02-17 23:50:11 CET.

Flavor Version Tinstall Tcheck Ttotal Status Flags
r-devel-linux-x86_64-debian-clang 1.1-4 2.77 20.80 23.57 OK
r-devel-linux-x86_64-debian-gcc 1.1-4 2.29 16.52 18.81 OK
r-devel-linux-x86_64-fedora-clang 1.1-4 30.44 NOTE
r-devel-linux-x86_64-fedora-gcc 1.1-4 28.69 NOTE
r-devel-windows-ix86+x86_64 1.1-4 10.00 49.00 59.00 OK
r-devel-windows-ix86+x86_64-gcc8 1.1-4 12.00 42.00 54.00 OK
r-patched-linux-x86_64 1.1-4 2.07 19.63 21.70 OK
r-patched-solaris-x86 1.1-4 37.90 OK
r-release-linux-x86_64 1.1-4 2.01 19.31 21.32 OK
r-release-windows-ix86+x86_64 1.1-4 14.00 46.00 60.00 OK
r-release-osx-x86_64 1.1-4 OK
r-oldrel-windows-ix86+x86_64 1.1-4 7.00 50.00 57.00 OK
r-oldrel-osx-x86_64 1.1-4 OK

Additional issues

rchk

Check Details

Version: 1.1-4
Check: compiled code
Result: NOTE
    File ‘ucminf/libs/ucminf.so’:
     Found no calls to: ‘R_registerRoutines’, ‘R_useDynamicSymbols’
    
    It is good practice to register native routines and to disable symbol
    search.
    
    See ‘Writing portable packages’ in the ‘Writing R Extensions’ manual.
Flavors: r-devel-linux-x86_64-fedora-clang, r-devel-linux-x86_64-fedora-gcc