CRAN Package Check Results for Package urlshorteneR

Last updated on 2020-02-21 11:49:18 CET.

Flavor Version Tinstall Tcheck Ttotal Status Flags
r-devel-linux-x86_64-debian-clang 1.1.2 4.37 41.02 45.39 OK
r-devel-linux-x86_64-debian-gcc 1.1.2 3.98 32.40 36.38 OK
r-devel-linux-x86_64-fedora-clang 1.1.2 58.99 OK
r-devel-linux-x86_64-fedora-gcc 1.1.2 57.89 OK
r-devel-windows-ix86+x86_64 1.1.2 11.00 66.00 77.00 OK
r-devel-windows-ix86+x86_64-gcc8 1.1.2 19.00 62.00 81.00 OK
r-patched-linux-x86_64 1.1.2 4.18 37.39 41.57 OK
r-patched-solaris-x86 1.1.2 81.70 OK
r-release-linux-x86_64 1.1.2 3.77 37.41 41.18 OK
r-release-windows-ix86+x86_64 1.1.2 9.00 66.00 75.00 OK
r-release-osx-x86_64 1.1.2 OK
r-oldrel-windows-ix86+x86_64 0.9.2 4.00 62.00 66.00 OK
r-oldrel-osx-x86_64 1.1.2 ERROR

Check Details

Version: 1.1.2
Check: whether package can be installed
Result: ERROR
    Installation failed.
Flavor: r-oldrel-osx-x86_64