CRAN Package Check Results for Package usdm

Last updated on 2020-02-25 11:50:13 CET.

Flavor Version Tinstall Tcheck Ttotal Status Flags
r-devel-linux-x86_64-debian-clang 1.1-18 12.47 78.45 90.92 OK
r-devel-linux-x86_64-debian-gcc 1.1-18 11.17 59.93 71.10 OK
r-devel-linux-x86_64-fedora-clang 1.1-18 128.76 WARN
r-devel-linux-x86_64-fedora-gcc 1.1-18 115.55 WARN
r-devel-windows-ix86+x86_64 1.1-18 24.00 95.00 119.00 OK
r-devel-windows-ix86+x86_64-gcc8 1.1-18 24.00 81.00 105.00 OK
r-patched-linux-x86_64 1.1-18 11.19 68.99 80.18 OK
r-patched-solaris-x86 1.1-18 148.40 OK
r-release-linux-x86_64 1.1-18 10.07 70.01 80.08 OK
r-release-windows-ix86+x86_64 1.1-18 18.00 77.00 95.00 OK
r-release-osx-x86_64 1.1-18 OK
r-oldrel-windows-ix86+x86_64 1.1-18 14.00 79.00 93.00 OK
r-oldrel-osx-x86_64 1.1-18 OK

Check Details

Version: 1.1-18
Check: whether package can be installed
Result: WARN
    Found the following significant warnings:
     Warning: namespace ‘rgdal’ is not available and has been replaced
Flavors: r-devel-linux-x86_64-fedora-clang, r-devel-linux-x86_64-fedora-gcc