CRAN Package Check Results for Package uwot

Last updated on 2020-04-05 03:47:59 CEST.

Flavor Version Tinstall Tcheck Ttotal Status Flags
r-devel-linux-x86_64-debian-clang 0.1.8 61.96 140.39 202.35 OK
r-devel-linux-x86_64-debian-gcc 0.1.8 44.67 118.50 163.17 OK
r-devel-linux-x86_64-fedora-clang 0.1.8 261.08 NOTE
r-devel-linux-x86_64-fedora-gcc 0.1.8 249.74 OK
r-devel-windows-ix86+x86_64 0.1.8 109.00 213.00 322.00 OK
r-devel-windows-ix86+x86_64-gcc8 0.1.8 104.00 238.00 342.00 OK
r-patched-linux-x86_64 0.1.8 52.75 139.02 191.77 OK
r-patched-solaris-x86 0.1.8 345.20 OK
r-release-linux-x86_64 0.1.8 51.91 128.46 180.37 OK
r-release-windows-ix86+x86_64 0.1.8 124.00 276.00 400.00 OK
r-release-osx-x86_64 0.1.8 OK
r-oldrel-windows-ix86+x86_64 0.1.8 155.00 223.00 378.00 OK
r-oldrel-osx-x86_64 0.1.8 OK

Check Details

Version: 0.1.8
Check: installed package size
Result: NOTE
     installed size is 6.1Mb
     sub-directories of 1Mb or more:
     libs 5.7Mb
Flavor: r-devel-linux-x86_64-fedora-clang