CRAN Package Check Results for Package valueEQ5D

Last updated on 2020-01-26 03:48:39 CET.

Flavor Version Tinstall Tcheck Ttotal Status Flags
r-devel-linux-x86_64-debian-clang 0.5.0 3.76 39.59 43.35 OK
r-devel-linux-x86_64-debian-gcc 0.5.1 3.31 30.89 34.20 OK
r-devel-linux-x86_64-fedora-clang 0.5.1 55.97 NOTE
r-devel-linux-x86_64-fedora-gcc 0.5.1 54.76 NOTE
r-devel-windows-ix86+x86_64 0.5.1 13.00 67.00 80.00 OK
r-devel-windows-ix86+x86_64-gcc8 0.5.0 21.00 53.00 74.00 OK
r-patched-linux-x86_64 0.5.1 3.29 36.60 39.89 OK
r-patched-solaris-x86 0.5.1 70.90 NOTE
r-release-linux-x86_64 0.5.1 3.50 36.61 40.11 OK
r-release-windows-ix86+x86_64 0.5.0 7.00 46.00 53.00 OK
r-release-osx-x86_64 0.5.0 NOTE
r-oldrel-windows-ix86+x86_64 0.5.1 7.00 68.00 75.00 OK
r-oldrel-osx-x86_64 0.5.0 NOTE

Check Details

Version: 0.5.1
Check: dependencies in R code
Result: NOTE
    Namespaces in Imports field not imported from:
     ‘rstudioapi’ ‘testthat’
     All declared Imports should be used.
Flavors: r-devel-linux-x86_64-fedora-clang, r-devel-linux-x86_64-fedora-gcc, r-patched-solaris-x86

Version: 0.5.0
Check: dependencies in R code
Result: NOTE
    Namespaces in Imports field not imported from:
     ‘rstudioapi’ ‘testthat’
     All declared Imports should be used.
Flavors: r-release-osx-x86_64, r-oldrel-osx-x86_64