CRAN Package Check Results for Package vdiffr

Last updated on 2019-11-17 23:48:35 CET.

Flavor Version Tinstall Tcheck Ttotal Status Flags
r-devel-linux-x86_64-debian-clang 0.3.1 35.92 45.31 81.23 OK
r-devel-linux-x86_64-debian-gcc 0.3.1 24.19 34.95 59.14 OK
r-devel-linux-x86_64-fedora-clang 0.3.1 109.05 NOTE
r-devel-linux-x86_64-fedora-gcc 0.3.1 103.46 NOTE
r-devel-windows-ix86+x86_64 0.3.1 113.00 126.00 239.00 OK
r-patched-linux-x86_64 0.3.1 30.96 41.91 72.87 OK
r-patched-solaris-x86 0.3.1 120.10 NOTE
r-release-linux-x86_64 0.3.1 28.19 42.49 70.68 OK
r-release-windows-ix86+x86_64 0.3.1 64.00 140.00 204.00 OK
r-release-osx-x86_64 0.3.1 NOTE
r-oldrel-windows-ix86+x86_64 0.3.1 59.00 125.00 184.00 OK
r-oldrel-osx-x86_64 0.3.1 NOTE

Check Details

Version: 0.3.1
Check: dependencies in R code
Result: NOTE
    Namespace in Imports field not imported from: ‘freetypeharfbuzz’
     All declared Imports should be used.
Flavors: r-devel-linux-x86_64-fedora-clang, r-devel-linux-x86_64-fedora-gcc, r-patched-solaris-x86, r-release-osx-x86_64, r-oldrel-osx-x86_64