Last updated on 2025-11-20 02:49:08 CET.
| Flavor | Version | Tinstall | Tcheck | Ttotal | Status | Flags |
|---|---|---|---|---|---|---|
| r-devel-linux-x86_64-debian-clang | 1.9.0 | 85.31 | 218.60 | 303.91 | NOTE | |
| r-devel-linux-x86_64-debian-gcc | 1.9.0 | 54.58 | 115.96 | 170.54 | NOTE | |
| r-devel-linux-x86_64-fedora-clang | 1.9.0 | 102.00 | 397.05 | 499.05 | OK | |
| r-devel-linux-x86_64-fedora-gcc | 1.9.0 | 100.00 | 433.39 | 533.39 | OK | |
| r-devel-windows-x86_64 | 1.9.0 | 93.00 | 276.00 | 369.00 | OK | |
| r-patched-linux-x86_64 | 1.9.0 | 80.73 | 192.86 | 273.59 | OK | |
| r-release-linux-x86_64 | 1.9.0 | 81.29 | 196.86 | 278.15 | OK | |
| r-release-macos-arm64 | 1.9.0 | OK | ||||
| r-release-macos-x86_64 | 1.9.0 | 32.00 | 210.00 | 242.00 | OK | |
| r-release-windows-x86_64 | 1.9.0 | 88.00 | 278.00 | 366.00 | OK | |
| r-oldrel-macos-arm64 | 1.9.0 | NOTE | ||||
| r-oldrel-macos-x86_64 | 1.9.0 | 35.00 | 158.00 | 193.00 | NOTE | |
| r-oldrel-windows-x86_64 | 1.9.0 | 108.00 | 406.00 | 514.00 | OK |
Version: 1.9.0
Check: CRAN incoming feasibility
Result: NOTE
Maintainer: ‘Liang He <hyx520101@gmail.com>’
No Authors@R field in DESCRIPTION.
Please add one, modifying
Authors@R: person(given = "Liang",
family = "He",
role = c("aut", "cre"),
email = "hyx520101@gmail.com")
as necessary.
Flavors: r-devel-linux-x86_64-debian-clang, r-devel-linux-x86_64-debian-gcc
Version: 1.9.0
Check: installed package size
Result: NOTE
installed size is 7.5Mb
sub-directories of 1Mb or more:
doc 1.7Mb
libs 5.4Mb
Flavors: r-oldrel-macos-arm64, r-oldrel-macos-x86_64