Last updated on 2025-11-20 02:49:08 CET.
| Flavor | Version | Tinstall | Tcheck | Ttotal | Status | Flags |
|---|---|---|---|---|---|---|
| r-devel-linux-x86_64-debian-clang | 0.2.4 | 7.85 | 239.17 | 247.02 | NOTE | |
| r-devel-linux-x86_64-debian-gcc | 0.2.4 | 5.12 | 148.12 | 153.24 | NOTE | |
| r-devel-linux-x86_64-fedora-clang | 0.2.4 | 17.00 | 373.35 | 390.35 | NOTE | |
| r-devel-linux-x86_64-fedora-gcc | 0.2.4 | 15.00 | 359.07 | 374.07 | NOTE | |
| r-devel-windows-x86_64 | 0.2.4 | 10.00 | 213.00 | 223.00 | NOTE | |
| r-patched-linux-x86_64 | 0.2.4 | 7.94 | 226.72 | 234.66 | NOTE | |
| r-release-linux-x86_64 | 0.2.4 | 6.33 | 225.31 | 231.64 | NOTE | |
| r-release-macos-arm64 | 0.2.4 | NOTE | ||||
| r-release-macos-x86_64 | 0.2.4 | 6.00 | 194.00 | 200.00 | NOTE | |
| r-release-windows-x86_64 | 0.2.4 | 10.00 | 229.00 | 239.00 | NOTE | |
| r-oldrel-macos-arm64 | 0.2.4 | NOTE | ||||
| r-oldrel-macos-x86_64 | 0.2.4 | 5.00 | 144.00 | 149.00 | NOTE | |
| r-oldrel-windows-x86_64 | 0.2.4 | 13.00 | 315.00 | 328.00 | NOTE |
Version: 0.2.4
Check: Rd files
Result: NOTE
checkRd: (-1) recm.Rd:55: Lost braces; missing escapes or markup?
55 | {In all cases,} \eqn{x_{j,t-1}} {in} \eqn{ECT} {is replaced by} \eqn{x_{j,t} \;\;\;\;\; \forall \;\; q_{j} = 0}
| ^
checkRd: (-1) recm.Rd:55: Lost braces; missing escapes or markup?
55 | {In all cases,} \eqn{x_{j,t-1}} {in} \eqn{ECT} {is replaced by} \eqn{x_{j,t} \;\;\;\;\; \forall \;\; q_{j} = 0}
| ^
checkRd: (-1) recm.Rd:55: Lost braces; missing escapes or markup?
55 | {In all cases,} \eqn{x_{j,t-1}} {in} \eqn{ECT} {is replaced by} \eqn{x_{j,t} \;\;\;\;\; \forall \;\; q_{j} = 0}
| ^
checkRd: (-1) uecm.Rd:76: Lost braces; missing escapes or markup?
76 | {In addition,} \eqn{x_{j,t-1}} {and} \eqn{\Delta x_{j,t}} {cancel out
| ^
checkRd: (-1) uecm.Rd:76: Lost braces; missing escapes or markup?
76 | {In addition,} \eqn{x_{j,t-1}} {and} \eqn{\Delta x_{j,t}} {cancel out
| ^
checkRd: (-1) uecm.Rd:76-77: Lost braces
76 | {In addition,} \eqn{x_{j,t-1}} {and} \eqn{\Delta x_{j,t}} {cancel out
| ^
Flavors: r-devel-linux-x86_64-debian-clang, r-devel-linux-x86_64-debian-gcc, r-devel-linux-x86_64-fedora-clang, r-devel-linux-x86_64-fedora-gcc, r-devel-windows-x86_64, r-patched-linux-x86_64, r-release-linux-x86_64, r-release-macos-arm64, r-release-macos-x86_64, r-release-windows-x86_64, r-oldrel-macos-arm64, r-oldrel-macos-x86_64, r-oldrel-windows-x86_64