CRAN Package Check Results for Package ATbounds

Last updated on 2025-11-19 01:48:41 CET.

Flavor Version Tinstall Tcheck Ttotal Status Flags
r-devel-linux-x86_64-debian-clang 0.1.0 2.33 116.63 118.96 NOTE
r-devel-linux-x86_64-debian-gcc 0.1.0 1.75 35.84 37.59 ERROR
r-devel-linux-x86_64-fedora-clang 0.1.0 174.34 NOTE
r-devel-linux-x86_64-fedora-gcc 0.1.0 198.87 NOTE
r-devel-windows-x86_64 0.1.0 6.00 144.00 150.00 NOTE
r-patched-linux-x86_64 0.1.0 2.19 124.85 127.04 NOTE
r-release-linux-x86_64 0.1.0 2.29 124.75 127.04 NOTE
r-release-macos-arm64 0.1.0 1.00 63.00 64.00 NOTE
r-release-macos-x86_64 0.1.0 2.00 116.00 118.00 NOTE
r-release-windows-x86_64 0.1.0 4.00 143.00 147.00 NOTE
r-oldrel-macos-arm64 0.1.0 1.00 53.00 54.00 NOTE
r-oldrel-macos-x86_64 0.1.0 2.00 84.00 86.00 NOTE
r-oldrel-windows-x86_64 0.1.0 5.00 208.00 213.00 NOTE

Check Details

Version: 0.1.0
Check: CRAN incoming feasibility
Result: NOTE Maintainer: ‘Sokbae Lee <sl3841@columbia.edu>’ The Description field contains Pooling Limited Information across Observations," <arXiv:2111.05243>. Please refer to arXiv e-prints via their arXiv DOI <doi:10.48550/arXiv.YYMM.NNNNN>. Flavors: r-devel-linux-x86_64-debian-clang, r-devel-linux-x86_64-debian-gcc

Version: 0.1.0
Check: Rd files
Result: NOTE checkRd: (-1) simulation_dgp.Rd:14: Lost braces; missing escapes or markup? 14 | \item{x_discrete}{TRUE if the distribution of the covariate is uniform on {-3.0, -2.9, ..., 3.0} and | ^ checkRd: (-1) simulation_dgp.Rd:23: Lost braces 23 | \item{att_oracle}{the sample analog of E[D{Y(1) - Y(0)}|D=1]} | ^ Flavors: r-devel-linux-x86_64-debian-clang, r-devel-linux-x86_64-debian-gcc, r-devel-linux-x86_64-fedora-clang, r-devel-linux-x86_64-fedora-gcc, r-devel-windows-x86_64, r-patched-linux-x86_64, r-release-linux-x86_64, r-release-macos-arm64, r-release-macos-x86_64, r-release-windows-x86_64, r-oldrel-macos-arm64, r-oldrel-macos-x86_64, r-oldrel-windows-x86_64

Version: 0.1.0
Check: re-building of vignette outputs
Result: ERROR Error(s) in re-building vignettes: ... --- re-building ‘ATbounds_vignette.Rmd’ using rmarkdown Quitting from ATbounds_vignette.Rmd:42-51 [unnamed-chunk-2] ~~~~~~~~~~~~~~~~~~~~~~~~~~~~~~~~~~~~~~~~~~~~~~~~~~~~~~~~~~~~~~~~~~~~~~~~~~~~~~~~ <error/rlang_error> Error in `file()`: ! cannot open the connection to 'http://users.nber.org/~rdehejia/data/nsw_treated.txt' --- Backtrace: x 1. \-utils::read.table("http://users.nber.org/~rdehejia/data/nsw_treated.txt") 2. \-base::file(file, "rt") ~~~~~~~~~~~~~~~~~~~~~~~~~~~~~~~~~~~~~~~~~~~~~~~~~~~~~~~~~~~~~~~~~~~~~~~~~~~~~~~~ Error: processing vignette 'ATbounds_vignette.Rmd' failed with diagnostics: cannot open the connection to 'http://users.nber.org/~rdehejia/data/nsw_treated.txt' --- failed re-building ‘ATbounds_vignette.Rmd’ SUMMARY: processing the following file failed: ‘ATbounds_vignette.Rmd’ Error: Vignette re-building failed. Execution halted Flavor: r-devel-linux-x86_64-debian-gcc