Last updated on 2025-11-20 03:50:02 CET.
| Flavor | Version | Tinstall | Tcheck | Ttotal | Status | Flags |
|---|---|---|---|---|---|---|
| r-devel-linux-x86_64-debian-clang | 1.4.5 | 125.41 | 618.00 | 743.41 | OK | |
| r-devel-linux-x86_64-debian-gcc | 1.4.5 | 82.95 | 306.36 | 389.31 | OK | |
| r-devel-linux-x86_64-fedora-clang | 1.4.5 | 209.00 | 910.86 | 1119.86 | OK | |
| r-devel-linux-x86_64-fedora-gcc | 1.4.5 | 220.00 | 610.82 | 830.82 | OK | |
| r-devel-windows-x86_64 | 1.4.5 | 127.00 | 400.00 | 527.00 | OK | |
| r-patched-linux-x86_64 | 1.4.5 | 125.50 | 402.24 | 527.74 | OK | |
| r-release-linux-x86_64 | 1.4.5 | 120.26 | 401.81 | 522.07 | OK | |
| r-release-macos-arm64 | 1.4.5 | OK | ||||
| r-release-macos-x86_64 | 1.4.5 | 91.00 | 457.00 | 548.00 | OK | |
| r-release-windows-x86_64 | 1.4.5 | 132.00 | 348.00 | 480.00 | OK | |
| r-oldrel-macos-arm64 | 1.4.5 | NOTE | ||||
| r-oldrel-macos-x86_64 | 1.4.5 | 62.00 | 301.00 | 363.00 | NOTE | |
| r-oldrel-windows-x86_64 | 1.4.5 | 155.00 | 468.00 | 623.00 | OK |
Version: 1.4.5
Check: installed package size
Result: NOTE
installed size is 14.5Mb
sub-directories of 1Mb or more:
libs 13.5Mb
Flavors: r-oldrel-macos-arm64, r-oldrel-macos-x86_64