Last updated on 2025-11-20 03:50:02 CET.
| Flavor | Version | Tinstall | Tcheck | Ttotal | Status | Flags |
|---|---|---|---|---|---|---|
| r-devel-linux-x86_64-debian-clang | 0.6.5 | 2.30 | 26.41 | 28.71 | OK | |
| r-devel-linux-x86_64-debian-gcc | 0.6.5 | 1.58 | 22.08 | 23.66 | OK | |
| r-devel-linux-x86_64-fedora-clang | 0.6.5 | 42.30 | OK | |||
| r-devel-linux-x86_64-fedora-gcc | 0.6.5 | 41.68 | OK | |||
| r-devel-windows-x86_64 | 0.6.5 | 5.00 | 43.00 | 48.00 | OK | |
| r-patched-linux-x86_64 | 0.6.5 | 2.15 | 26.26 | 28.41 | OK | |
| r-release-linux-x86_64 | 0.6.5 | 1.85 | 26.33 | 28.18 | OK | |
| r-release-macos-arm64 | 0.6.5 | OK | ||||
| r-release-macos-x86_64 | 0.6.5 | 3.00 | 46.00 | 49.00 | OK | |
| r-release-windows-x86_64 | 0.6.5 | 3.00 | 43.00 | 46.00 | OK | |
| r-oldrel-macos-arm64 | 0.6.5 | NOTE | ||||
| r-oldrel-macos-x86_64 | 0.6.5 | 2.00 | 43.00 | 45.00 | NOTE | |
| r-oldrel-windows-x86_64 | 0.6.5 | 3.00 | 50.00 | 53.00 | NOTE |
Version: 0.6.5
Check: LazyData
Result: NOTE
'LazyData' is specified without a 'data' directory
Flavors: r-oldrel-macos-arm64, r-oldrel-macos-x86_64, r-oldrel-windows-x86_64