Last updated on 2025-10-21 01:48:26 CEST.
Flavor | Version | Tinstall | Tcheck | Ttotal | Status | Flags |
---|---|---|---|---|---|---|
r-devel-linux-x86_64-debian-clang | 1.5.0 | 12.77 | 174.23 | 187.00 | OK | |
r-devel-linux-x86_64-debian-gcc | 1.5.0 | 8.59 | 123.23 | 131.82 | NOTE | |
r-devel-linux-x86_64-fedora-clang | 1.5.0 | 286.64 | OK | |||
r-devel-linux-x86_64-fedora-gcc | 1.5.0 | 295.68 | OK | |||
r-devel-windows-x86_64 | 1.5.0 | 14.00 | 196.00 | 210.00 | OK | |
r-patched-linux-x86_64 | 1.5.0 | 13.42 | 166.01 | 179.43 | OK | |
r-release-linux-x86_64 | 1.5.0 | 12.46 | 166.97 | 179.43 | OK | |
r-release-macos-arm64 | 1.5.0 | 85.00 | OK | |||
r-release-macos-x86_64 | 1.5.0 | 168.00 | OK | |||
r-release-windows-x86_64 | 1.5.0 | 14.00 | 197.00 | 211.00 | OK | |
r-oldrel-macos-arm64 | 1.5.0 | 85.00 | OK | |||
r-oldrel-macos-x86_64 | 1.5.0 | 178.00 | OK | |||
r-oldrel-windows-x86_64 | 1.5.0 | 18.00 | 245.00 | 263.00 | OK |
Version: 1.5.0
Check: HTML version of manual
Result: NOTE
Found the following HTML validation problems:
addRowlessParents.html:54:1 (addRowlessParents.Rd:14): Warning: missing </ul> before </div>
dot-adjBeta.html:124:1 (dot-adjBeta.Rd:57): Warning: missing </ul> before </div>
dot-adjDirect.html:115:1 (dot-adjDirect.Rd:51): Warning: missing </ul> before </div>
dot-adjIndexed.html:108:1 (dot-adjIndexed.Rd:48): Warning: missing </ul> before </div>
dot-adjLoop.html:113:1 (dot-adjLoop.Rd:51): Warning: missing </ul> before </div>
dot-assignParentValue.html:46:1 (dot-assignParentValue.Rd:10): Warning: missing </ul> before </div>
dot-collapseNames.legacy.html:50:1 (dot-collapseNames.legacy.Rd:12): Warning: missing </ul> before </div>
dot-com2links.legacy.html:113:1 (dot-com2links.legacy.Rd:51): Warning: missing </ul> before </div>
dot-com2links.og.html:88:1 (dot-com2links.og.Rd:36): Warning: missing </ul> before </div>
dot-loadOrComputeIsChild.html:56:1 (dot-loadOrComputeIsChild.Rd:16): Warning: missing </ul> before </div>
dot-loadOrComputeIsPar.html:66:1 (dot-loadOrComputeIsPar.Rd:20): Warning: missing </ul> before </div>
prepSummarizePedigrees.html:93:1 (prepSummarizePedigrees.Rd:39): Warning: missing </ul> before </div>
process_one.html:92:1 (process_one.Rd:40): Warning: missing </ul> before </div>
summarizeFounder.html:51:1 (summarizeFounder.Rd:14): Warning: missing </ul> before </div>
Flavor: r-devel-linux-x86_64-debian-gcc