Last updated on 2025-11-20 03:50:02 CET.
| Flavor | Version | Tinstall | Tcheck | Ttotal | Status | Flags |
|---|---|---|---|---|---|---|
| r-devel-linux-x86_64-debian-clang | 1.1.0 | 188.25 | 124.10 | 312.35 | OK | |
| r-devel-linux-x86_64-debian-gcc | 1.1.0 | 111.69 | 87.30 | 198.99 | OK | |
| r-devel-linux-x86_64-fedora-clang | 1.1.0 | 385.00 | 180.49 | 565.49 | OK | |
| r-devel-linux-x86_64-fedora-gcc | 1.1.0 | 328.00 | 216.44 | 544.44 | OK | |
| r-devel-windows-x86_64 | 1.1.0 | 223.00 | 157.00 | 380.00 | OK | |
| r-patched-linux-x86_64 | 1.1.0 | 183.28 | 115.10 | 298.38 | OK | |
| r-release-linux-x86_64 | 1.1.0 | 173.44 | 115.15 | 288.59 | OK | |
| r-release-macos-arm64 | 1.1.0 | OK | ||||
| r-release-macos-x86_64 | 1.1.0 | 62.00 | 125.00 | 187.00 | OK | |
| r-release-windows-x86_64 | 1.1.0 | 194.00 | 161.00 | 355.00 | OK | |
| r-oldrel-macos-arm64 | 1.1.0 | NOTE | ||||
| r-oldrel-macos-x86_64 | 1.1.0 | 65.00 | 132.00 | 197.00 | NOTE | |
| r-oldrel-windows-x86_64 | 1.1.0 | 237.00 | 192.00 | 429.00 | OK |
Version: 1.1.0
Check: installed package size
Result: NOTE
installed size is 15.4Mb
sub-directories of 1Mb or more:
libs 14.3Mb
Flavors: r-oldrel-macos-arm64, r-oldrel-macos-x86_64