Last updated on 2025-10-28 02:50:41 CET.
| Flavor | Version | Tinstall | Tcheck | Ttotal | Status | Flags | 
|---|---|---|---|---|---|---|
| r-devel-linux-x86_64-debian-clang | 5.2 | 7.60 | 394.81 | 402.41 | NOTE | |
| r-devel-linux-x86_64-debian-gcc | 5.2 | 5.07 | 215.15 | 220.22 | NOTE | |
| r-devel-linux-x86_64-fedora-clang | 5.2 | 30.00 | 648.56 | 678.56 | NOTE | |
| r-devel-linux-x86_64-fedora-gcc | 5.2 | 17.00 | 763.17 | 780.17 | NOTE | |
| r-devel-windows-x86_64 | 5.2 | 10.00 | 372.00 | 382.00 | NOTE | |
| r-patched-linux-x86_64 | 5.2 | 6.86 | 374.01 | 380.87 | NOTE | |
| r-release-linux-x86_64 | 5.2 | 6.49 | 377.24 | 383.73 | NOTE | |
| r-release-macos-arm64 | 5.2 | 3.00 | 392.00 | 395.00 | NOTE | |
| r-release-macos-x86_64 | 5.2 | 7.00 | 870.00 | 877.00 | NOTE | |
| r-release-windows-x86_64 | 5.2 | 10.00 | 370.00 | 380.00 | NOTE | |
| r-oldrel-macos-arm64 | 5.2 | 3.00 | 281.00 | 284.00 | NOTE | |
| r-oldrel-macos-x86_64 | 5.2 | 5.00 | 409.00 | 414.00 | NOTE | |
| r-oldrel-windows-x86_64 | 5.2 | 13.00 | 537.00 | 550.00 | NOTE | 
Version: 5.2
Check: CRAN incoming feasibility
Result: NOTE
  Maintainer: ‘Doug Fletcher <tug25070@temple.edu>’
  
  No Authors@R field in DESCRIPTION.
  Please add one, modifying
    Authors@R: c(person(given = "Subhadeep",
                        family = "Mukhopadhyay",
                        role = "aut"),
                 person(given = "Douglas",
                        family = "Fletcher",
                        role = "aut"),
                 person(given = "Doug",
                        family = "Fletcher",
                        role = "cre",
                        email = "tug25070@temple.edu"))
  as necessary.
Flavors: r-devel-linux-x86_64-debian-clang, r-devel-linux-x86_64-debian-gcc
Version: 5.2
Check: Rd files
Result: NOTE
  checkRd: (-1) gMLE.bb.Rd:18: Lost braces
      18 |   \item{optim.method}{optimization method in \code{optim()}{stats}.}
         |                                                            ^
Flavors: r-devel-linux-x86_64-debian-clang, r-devel-linux-x86_64-debian-gcc, r-devel-linux-x86_64-fedora-clang, r-devel-linux-x86_64-fedora-gcc, r-devel-windows-x86_64, r-patched-linux-x86_64, r-release-linux-x86_64, r-release-macos-arm64, r-release-macos-x86_64, r-release-windows-x86_64, r-oldrel-macos-arm64, r-oldrel-macos-x86_64, r-oldrel-windows-x86_64