Last updated on 2025-10-23 02:49:47 CEST.
Flavor | Version | Tinstall | Tcheck | Ttotal | Status | Flags |
---|---|---|---|---|---|---|
r-devel-linux-x86_64-debian-clang | 0.1.2 | 18.07 | 145.90 | 163.97 | NOTE | |
r-devel-linux-x86_64-debian-gcc | 0.1.2 | 13.99 | 108.98 | 122.97 | NOTE | |
r-devel-linux-x86_64-fedora-clang | 0.1.2 | 39.00 | 211.69 | 250.69 | OK | |
r-devel-linux-x86_64-fedora-gcc | 0.1.2 | 44.00 | 209.31 | 253.31 | OK | |
r-devel-windows-x86_64 | 0.1.2 | 20.00 | 134.00 | 154.00 | OK | |
r-patched-linux-x86_64 | 0.1.2 | 18.63 | 136.24 | 154.87 | OK | |
r-release-linux-x86_64 | 0.1.2 | 19.23 | 135.14 | 154.37 | OK | |
r-release-macos-arm64 | 0.1.2 | 8.00 | 57.00 | 65.00 | OK | |
r-release-macos-x86_64 | 0.1.2 | 33.00 | 128.00 | 161.00 | OK | |
r-release-windows-x86_64 | 0.1.2 | 20.00 | 139.00 | 159.00 | OK | |
r-oldrel-macos-arm64 | 0.1.2 | 8.00 | 54.00 | 62.00 | OK | |
r-oldrel-macos-x86_64 | 0.1.2 | 12.00 | 80.00 | 92.00 | OK | |
r-oldrel-windows-x86_64 | 0.1.2 | 28.00 | 175.00 | 203.00 | OK |
Version: 0.1.2
Check: CRAN incoming feasibility
Result: NOTE
Maintainer: ‘Daniel Turek <danielturek@gmail.com>’
No Authors@R field in DESCRIPTION.
Please add one, modifying
Authors@R: c(person(given = "Daniel",
family = "Turek",
role = c("aut", "cre"),
email = "danielturek@gmail.com"),
person(given = "Mark",
family = "Risser",
role = "aut"))
as necessary.
The Description field contains
<arXiv:1702.00434v2>). Bayesian inference is carried out using Markov
Please refer to arXiv e-prints via their arXiv DOI <doi:10.48550/arXiv.YYMM.NNNNN>.
Flavors: r-devel-linux-x86_64-debian-clang, r-devel-linux-x86_64-debian-gcc
Version: 0.1.2
Check: HTML version of manual
Result: NOTE
Found the following HTML validation problems:
R_sparse_chol.html:58:1 (R_sparse_chol.Rd:16): Warning: missing </ul> before </div>
R_sparse_crossprod.html:70:1 (R_sparse_crossprod.Rd:22): Warning: missing </ul> before </div>
R_sparse_solve.html:58:1 (R_sparse_solve.Rd:16): Warning: missing </ul> before </div>
R_sparse_tcrossprod.html:58:1 (R_sparse_tcrossprod.Rd:16): Warning: missing </ul> before </div>
nimble_sparse_chol.html:58:1 (nimble_sparse_chol.Rd:16): Warning: missing </ul> before </div>
nimble_sparse_crossprod.html:70:1 (nimble_sparse_crossprod.Rd:22): Warning: missing </ul> before </div>
nimble_sparse_solve.html:58:1 (nimble_sparse_solve.Rd:16): Warning: missing </ul> before </div>
nimble_sparse_tcrossprod.html:58:1 (nimble_sparse_tcrossprod.Rd:16): Warning: missing </ul> before </div>
Flavor: r-devel-linux-x86_64-debian-clang