CRAN Package Check Results for Package BiDimRegression

Last updated on 2025-10-22 01:51:19 CEST.

Flavor Version Tinstall Tcheck Ttotal Status Flags
r-devel-linux-x86_64-debian-clang 2.0.1 2.90 37.94 40.84 NOTE
r-devel-linux-x86_64-debian-gcc 2.0.1 2.07 28.51 30.58 NOTE
r-devel-linux-x86_64-fedora-clang 2.0.1 60.90 NOTE
r-devel-linux-x86_64-fedora-gcc 2.0.1 71.26 NOTE
r-devel-windows-x86_64 2.0.1 4.00 55.00 59.00 NOTE
r-patched-linux-x86_64 2.0.1 2.99 35.31 38.30 NOTE
r-release-linux-x86_64 2.0.1 2.80 34.79 37.59 NOTE
r-release-macos-arm64 2.0.1 2.00 25.00 27.00 NOTE
r-release-macos-x86_64 2.0.1 4.00 46.00 50.00 NOTE
r-release-windows-x86_64 2.0.1 4.00 54.00 58.00 NOTE
r-oldrel-macos-arm64 2.0.1 2.00 35.00 37.00 NOTE
r-oldrel-macos-x86_64 2.0.1 4.00 61.00 65.00 NOTE
r-oldrel-windows-x86_64 2.0.1 4.00 63.00 67.00 NOTE

Check Details

Version: 2.0.1
Check: Rd files
Result: NOTE checkRd: (-1) BiDimRegression.Rd:29: Lost braces; missing escapes or markup? 29 | \item \code{euclidean.df1, affine.df1} - degrees of freedom of the nominator used for the F-statistics propagated by Nakaya (1997); df1 = p-2, with p is the number of elements needed to calculate the referring model: p=4 for the Euclidean and p=6 for the affine geometry {Nakaya, 1997, Table 1}. | ^ Flavors: r-devel-linux-x86_64-debian-clang, r-devel-linux-x86_64-debian-gcc, r-devel-linux-x86_64-fedora-clang, r-devel-linux-x86_64-fedora-gcc, r-devel-windows-x86_64, r-patched-linux-x86_64, r-release-linux-x86_64, r-release-macos-arm64, r-release-macos-x86_64, r-release-windows-x86_64, r-oldrel-macos-arm64, r-oldrel-macos-x86_64, r-oldrel-windows-x86_64

Version: 2.0.1
Check: HTML version of manual
Result: NOTE Found the following HTML validation problems: summary.lm2.html:48:1 (summary.lm2.Rd:10): Warning: missing </ul> before </div> Flavors: r-devel-linux-x86_64-debian-clang, r-devel-linux-x86_64-debian-gcc