Last updated on 2025-10-22 01:51:19 CEST.
Flavor | Version | Tinstall | Tcheck | Ttotal | Status | Flags |
---|---|---|---|---|---|---|
r-devel-linux-x86_64-debian-clang | 2.3.4 | 6.91 | 55.70 | 62.61 | NOTE | |
r-devel-linux-x86_64-debian-gcc | 2.3.4 | 4.91 | 40.91 | 45.82 | NOTE | |
r-devel-linux-x86_64-fedora-clang | 2.3.4 | 15.00 | 78.58 | 93.58 | OK | |
r-devel-linux-x86_64-fedora-gcc | 2.3.4 | 12.00 | 77.74 | 89.74 | OK | |
r-devel-windows-x86_64 | 2.3.4 | 8.00 | 65.00 | 73.00 | OK | |
r-patched-linux-x86_64 | 2.3.4 | 7.18 | 53.03 | 60.21 | OK | |
r-release-linux-x86_64 | 2.3.4 | 6.47 | 52.41 | 58.88 | OK | |
r-release-macos-arm64 | 2.3.4 | 3.00 | 29.00 | 32.00 | OK | |
r-release-macos-x86_64 | 2.3.4 | 8.00 | 55.00 | 63.00 | OK | |
r-release-windows-x86_64 | 2.3.4 | 8.00 | 67.00 | 75.00 | OK | |
r-oldrel-macos-arm64 | 2.3.4 | 4.00 | 29.00 | 33.00 | OK | |
r-oldrel-macos-x86_64 | 2.3.4 | 6.00 | 61.00 | 67.00 | OK | |
r-oldrel-windows-x86_64 | 2.3.4 | 10.00 | 81.00 | 91.00 | OK |
Version: 2.3.4
Check: HTML version of manual
Result: NOTE
Found the following HTML validation problems:
validation.nor.html:61:1 (validation.nor.Rd:23): Warning: missing </ul> before </div>
Flavors: r-devel-linux-x86_64-debian-clang, r-devel-linux-x86_64-debian-gcc