CRAN Package Check Results for Package BlockmodelingGUI

Last updated on 2025-10-18 01:49:48 CEST.

Flavor Version Tinstall Tcheck Ttotal Status Flags
r-devel-linux-x86_64-debian-clang 1.8.4 9.34 71.61 80.95 NOTE
r-devel-linux-x86_64-debian-gcc 1.8.4 7.00 53.92 60.92 NOTE
r-devel-linux-x86_64-fedora-clang 1.8.4 122.65 OK
r-devel-linux-x86_64-fedora-gcc 1.8.4 122.08 OK
r-devel-windows-x86_64 1.8.4 10.00 77.00 87.00 OK
r-patched-linux-x86_64 1.8.4 8.43 67.80 76.23 OK
r-release-linux-x86_64 1.8.4 8.51 66.74 75.25 OK
r-release-macos-arm64 1.8.4 44.00 OK
r-release-macos-x86_64 1.8.4 83.00 OK
r-release-windows-x86_64 1.8.4 13.00 80.00 93.00 OK
r-oldrel-macos-arm64 1.8.4 39.00 OK
r-oldrel-macos-x86_64 1.8.4 56.00 OK
r-oldrel-windows-x86_64 1.8.4 14.00 99.00 113.00 OK

Check Details

Version: 1.8.4
Check: CRAN incoming feasibility
Result: NOTE Maintainer: ‘Fabio Ashtar Telarico <telaricof@fdv.uni-lj.si>’ Package CITATION file contains call(s) to old-style citEntry(). Please use bibentry() instead. Flavors: r-devel-linux-x86_64-debian-clang, r-devel-linux-x86_64-debian-gcc