Last updated on 2025-11-19 01:48:42 CET.
| Flavor | Version | Tinstall | Tcheck | Ttotal | Status | Flags |
|---|---|---|---|---|---|---|
| r-devel-linux-x86_64-debian-clang | 3.3.4 | 91.19 | 323.98 | 415.17 | OK | |
| r-devel-linux-x86_64-debian-gcc | 3.3.4 | 71.31 | 215.72 | 287.03 | OK | |
| r-devel-linux-x86_64-fedora-clang | 3.3.4 | 227.00 | 423.60 | 650.60 | OK | |
| r-devel-linux-x86_64-fedora-gcc | 3.3.4 | 183.00 | 450.55 | 633.55 | OK | |
| r-devel-windows-x86_64 | 3.3.4 | 111.00 | 161.00 | 272.00 | OK | --no-examples --no-tests --no-vignettes |
| r-patched-linux-x86_64 | 3.3.4 | 96.77 | 276.17 | 372.94 | OK | |
| r-release-linux-x86_64 | 3.3.4 | 100.50 | 280.46 | 380.96 | OK | |
| r-release-macos-arm64 | 3.3.4 | 37.00 | 106.00 | 143.00 | OK | |
| r-release-macos-x86_64 | 3.3.4 | 75.00 | 183.00 | 258.00 | OK | |
| r-release-windows-x86_64 | 3.3.4 | 100.00 | 173.00 | 273.00 | OK | --no-examples --no-tests --no-vignettes |
| r-oldrel-macos-arm64 | 3.3.4 | 36.00 | 109.00 | 145.00 | NOTE | |
| r-oldrel-macos-x86_64 | 3.3.4 | 72.00 | 236.00 | 308.00 | NOTE | |
| r-oldrel-windows-x86_64 | 3.3.4 | 134.00 | 159.00 | 293.00 | OK | --no-examples --no-tests --no-vignettes |
Version: 3.3.4
Check: installed package size
Result: NOTE
installed size is 10.3Mb
sub-directories of 1Mb or more:
libs 7.2Mb
Flavors: r-oldrel-macos-arm64, r-oldrel-macos-x86_64