Last updated on 2025-10-22 01:51:20 CEST.
Flavor | Version | Tinstall | Tcheck | Ttotal | Status | Flags |
---|---|---|---|---|---|---|
r-devel-linux-x86_64-debian-clang | 0.23 | 14.85 | 105.12 | 119.97 | NOTE | |
r-devel-linux-x86_64-debian-gcc | 0.23 | 9.71 | 74.13 | 83.84 | NOTE | |
r-devel-linux-x86_64-fedora-clang | 0.23 | 28.00 | 157.99 | 185.99 | OK | |
r-devel-linux-x86_64-fedora-gcc | 0.23 | 29.00 | 154.50 | 183.50 | OK | |
r-devel-windows-x86_64 | 0.23 | 14.00 | 116.00 | 130.00 | OK | |
r-patched-linux-x86_64 | 0.23 | 13.18 | 100.78 | 113.96 | OK | |
r-release-linux-x86_64 | 0.23 | 13.69 | 100.20 | 113.89 | OK | |
r-release-macos-arm64 | 0.23 | 6.00 | 50.00 | 56.00 | OK | |
r-release-macos-x86_64 | 0.23 | 22.00 | 123.00 | 145.00 | OK | |
r-release-windows-x86_64 | 0.23 | 15.00 | 113.00 | 128.00 | OK | |
r-oldrel-macos-arm64 | 0.23 | 6.00 | 44.00 | 50.00 | OK | |
r-oldrel-macos-x86_64 | 0.23 | 23.00 | 116.00 | 139.00 | OK | |
r-oldrel-windows-x86_64 | 0.23 | 20.00 | 143.00 | 163.00 | OK |
Version: 0.23
Check: HTML version of manual
Result: NOTE
Found the following HTML validation problems:
CBMSM.fit.html:109:1 (CBMSM.fit.Rd:55): Warning: missing </ul> before </div>
balance.CBPS.html:51:1 (balance.CBPS.Rd:12): Warning: missing </ul> before </div>
balance.CBPSContinuous.html:51:1 (balance.CBPSContinuous.Rd:12): Warning: missing </ul> before </div>
balance.npCBPS.html:51:1 (balance.npCBPS.Rd:12): Warning: missing </ul> before </div>
npCBPS.fit.html:76:1 (npCBPS.fit.Rd:32): Warning: missing </ul> before </div>
plot.CBPSContinuous.html:69:1 (plot.CBPSContinuous.Rd:24): Warning: missing </ul> before </div>
plot.npCBPS.html:63:1 (plot.npCBPS.Rd:20): Warning: missing </ul> before </div>
print.CBPS.html:55:1 (print.CBPS.Rd:14): Warning: missing </ul> before </div>
Flavors: r-devel-linux-x86_64-debian-clang, r-devel-linux-x86_64-debian-gcc